{"id":125,"date":"2026-01-07T08:35:03","date_gmt":"2026-01-07T08:35:03","guid":{"rendered":"https:\/\/ensemble-pour-thorigny.ovh\/?page_id=125"},"modified":"2026-01-27T12:03:46","modified_gmt":"2026-01-27T12:03:46","slug":"evenements","status":"publish","type":"page","link":"https:\/\/ensemble-pour-thorigny.ovh\/index.php\/evenements\/","title":{"rendered":"Ev\u00e8nements"},"content":{"rendered":"\n<p data-wp-context---core-fit-text=\"core\/fit-text::{&quot;fontSize&quot;:&quot;&quot;}\" data-wp-init---core-fit-text=\"core\/fit-text::callbacks.init\" data-wp-interactive data-wp-style--font-size=\"core\/fit-text::context.fontSize\" class=\"has-text-align-center has-fit-text\">EVENEMENTS<\/p>\n\n\n\n<p><strong>\u00ab&nbsp;LE MAIRE SUR LE GRILL&nbsp;!&nbsp;\u00bb<\/strong><\/p>\n\n\n\n<p><strong>SOIREES LIVE SUR INTERNET<\/strong><\/p>\n\n\n\n<p><br>11 f\u00e9vrier \u00e0 19h30<\/p>\n\n\n\n<p>4 mars \u00e0 19h30<\/p>\n\n\n\n<p><em>En direct sur nos r\u00e9seaux sociaux<\/em><\/p>\n\n\n\n<p><strong>RENDEZ-VOUS DANS LES QUARTIERS<\/strong><\/p>\n\n\n\n<p>Samedi 7 f\u00e9vrier (10h30 \u2013 11h30) A proximit\u00e9 du rond-point des Cerisiers, rue de Claye<\/p>\n\n\n\n<p>Samedi 14 f\u00e9vrier (10h30 \u2013 11h30) Devant le souterrain de la gare, rue Poincar\u00e9<\/p>\n\n\n\n<p>Samedi 21 f\u00e9vrier (10h30 \u2013 11h30) Sur le parvis de l\u2019\u00e9cole des Cerisiers<\/p>\n\n\n\n<p>Samedi 28 f\u00e9vrier (10h30 \u2013 11h30) Angle rue Foch\/Quai de Marne<\/p>\n\n\n\n<p>Samedi 7 mars (10h30 \u2013 11h30) Rue Gambetta, devant l\u2019\u00e9cole<\/p>\n\n\n\n<p><strong>MEETING DE FIN DE CAMPAGNE<\/strong><\/p>\n\n\n\n<p><em>Grande r\u00e9union publique<\/em><\/p>\n\n\n\n<p>12 mars \u00e0 19h30 au Hangar 4 (4 rue Louis Martin)<\/p>\n\n\n\n<p><em>(entr\u00e9e libre et gratuite)<\/em><\/p>\n\n\n\n<p><\/p>\n","protected":false},"excerpt":{"rendered":"<p>EVENEMENTS \u00ab&nbsp;LE MAIRE SUR LE GRILL&nbsp;!&nbsp;\u00bb SOIREES LIVE SUR INTERNET 11 f\u00e9vrier \u00e0 19h30 4 mars \u00e0 19h30 En direct sur nos r\u00e9seaux sociaux RENDEZ-VOUS DANS LES QUARTIERS Samedi 7 f\u00e9vrier (10h30 \u2013 11h30) A proximit\u00e9 du rond-point des Cerisiers, rue de Claye Samedi 14 f\u00e9vrier (10h30 \u2013 11h30) Devant le souterrain de la gare, [&hellip;]<\/p>\n","protected":false},"author":1,"featured_media":0,"parent":0,"menu_order":0,"comment_status":"closed","ping_status":"closed","template":"","meta":{"footnotes":""},"class_list":["post-125","page","type-page","status-publish","hentry"],"_links":{"self":[{"href":"https:\/\/ensemble-pour-thorigny.ovh\/index.php\/wp-json\/wp\/v2\/pages\/125","targetHints":{"allow":["GET"]}}],"collection":[{"href":"https:\/\/ensemble-pour-thorigny.ovh\/index.php\/wp-json\/wp\/v2\/pages"}],"about":[{"href":"https:\/\/ensemble-pour-thorigny.ovh\/index.php\/wp-json\/wp\/v2\/types\/page"}],"author":[{"embeddable":true,"href":"https:\/\/ensemble-pour-thorigny.ovh\/index.php\/wp-json\/wp\/v2\/users\/1"}],"replies":[{"embeddable":true,"href":"https:\/\/ensemble-pour-thorigny.ovh\/index.php\/wp-json\/wp\/v2\/comments?post=125"}],"version-history":[{"count":3,"href":"https:\/\/ensemble-pour-thorigny.ovh\/index.php\/wp-json\/wp\/v2\/pages\/125\/revisions"}],"predecessor-version":[{"id":178,"href":"https:\/\/ensemble-pour-thorigny.ovh\/index.php\/wp-json\/wp\/v2\/pages\/125\/revisions\/178"}],"wp:attachment":[{"href":"https:\/\/ensemble-pour-thorigny.ovh\/index.php\/wp-json\/wp\/v2\/media?parent=125"}],"curies":[{"name":"wp","href":"https:\/\/api.w.org\/{rel}","templated":true}]}}

Evènements

<p data-wp-context---core-fit-text="core/fit-text::{&quot;fontSize&quot;:&quot;&quot;}" data-wp-init---core-fit-text="core/fit-text::callbacks.init" data-wp-interactive data-wp-style--font-size="core/fit-text::context.fontSize" class="has-text-align-center has-fit-text">EVENEMENTS</p>



<p><strong>«&nbsp;LE MAIRE SUR LE GRILL&nbsp;!&nbsp;»</strong></p>



<p><strong>SOIREES LIVE SUR INTERNET</strong></p>



<p><br>11 février à 19h30</p>



<p>4 mars à 19h30</p>



<p><em>En direct sur nos réseaux sociaux</em></p>



<p><strong>RENDEZ-VOUS DANS LES QUARTIERS</strong></p>



<p>Samedi 7 février (10h30 – 11h30) A proximité du rond-point des Cerisiers, rue de Claye</p>



<p>Samedi 14 février (10h30 – 11h30) Devant le souterrain de la gare, rue Poincaré</p>



<p>Samedi 21 février (10h30 – 11h30) Sur le parvis de l’école des Cerisiers</p>



<p>Samedi 28 février (10h30 – 11h30) Angle rue Foch/Quai de Marne</p>



<p>Samedi 7 mars (10h30 – 11h30) Rue Gambetta, devant l’école</p>



<p><strong>MEETING DE FIN DE CAMPAGNE</strong></p>



<p><em>Grande réunion publique</em></p>



<p>12 mars à 19h30 au Hangar 4 (4 rue Louis Martin)</p>



<p><em>(entrée libre et gratuite)</em></p>



<p></p>

<p>EVENEMENTS «&nbsp;LE MAIRE SUR LE GRILL&nbsp;!&nbsp;» SOIREES LIVE SUR INTERNET 11 février à 19h30 4 mars à 19h30 En direct sur nos réseaux sociaux RENDEZ-VOUS DANS LES QUARTIERS Samedi 7 février (10h30 – 11h30) A proximité du rond-point des Cerisiers, rue de Claye Samedi 14 février (10h30 – 11h30) Devant le souterrain de la gare, [&hellip;]</p>
