{"id":149,"date":"2026-01-07T09:35:25","date_gmt":"2026-01-07T09:35:25","guid":{"rendered":"https:\/\/ensemble-pour-thorigny.ovh\/?page_id=149"},"modified":"2026-01-28T07:58:34","modified_gmt":"2026-01-28T07:58:34","slug":"manifeste","status":"publish","type":"page","link":"https:\/\/ensemble-pour-thorigny.ovh\/index.php\/manifeste\/","title":{"rendered":"Manifeste"},"content":{"rendered":"\n<p data-wp-context---core-fit-text=\"core\/fit-text::{&quot;fontSize&quot;:&quot;&quot;}\" data-wp-init---core-fit-text=\"core\/fit-text::callbacks.init\" data-wp-interactive data-wp-style--font-size=\"core\/fit-text::context.fontSize\" class=\"has-text-align-center has-fit-text\">MANIFESTE<\/p>\n\n\n\n<p><strong>AGIR MAINTENANT POUR REUSSIR ENSEMBLE LE THORIGNY DES ANNEES 2030<\/strong><\/p>\n\n\n\n<p><strong>NOTRE MANIFESTE POUR LES MUNICIPALES 2026<\/strong><\/p>\n\n\n\n<p><strong>QUI SOMMES-NOUS&nbsp;?<\/strong><\/p>\n\n\n\n<p>Ensemble pour Thorigny est une association politique locale, ind\u00e9pendante de tout parti national, qui rassemble des femmes et des hommes de gauche, du centre et de la droite, ainsi que des personnes sans pr\u00e9f\u00e9rence partisane.<\/p>\n\n\n\n<p>Nous construisons en notre sein les consensus qui permettent de d\u00e9fendre les int\u00e9r\u00eats de notre commune en \u00e9tant repr\u00e9sentatifs de diff\u00e9rentes sensibilit\u00e9s et de tous les quartiers.<\/p>\n\n\n\n<p>Nous avons soutenu la majorit\u00e9 municipale sortante et assumons le bilan du mandat 2020-2026. Nous poursuivrons son action tout en la renouvelant et en innovant afin de r\u00e9pondre aux d\u00e9fis des prochaines ann\u00e9es.<\/p>\n\n\n\n<p><strong>NOTRE AMBITION EST LOCALE, NOTRE VISION EST GLOBALE<\/strong><\/p>\n\n\n\n<p>Thorigny doit continuer \u00e0 \u00eatre la commune r\u00e9sidentielle, paisible et agr\u00e9able qu\u2019elle est actuellement en profitant de sa situation privil\u00e9gi\u00e9e en grande couronne francilienne.<\/p>\n\n\n\n<p>En 2020, Thorigny a atteint pour la premi\u00e8re fois la barre des 10 000 habitants. Depuis, la population est stable, gr\u00e2ce \u00e0 l\u2019arriv\u00e9e de nouveaux habitants et \u00e0 une mod\u00e9ration dans les nouvelles constructions. Mais cette stabilit\u00e9 n\u2019est qu\u2019apparente&nbsp;: 1 habitant sur 3 n\u2019habitait pas la commune il y a cinq ans. Il existe donc tout autant un enjeu de ma\u00eetrise de notre urbanisation que de pr\u00e9servation des \u00e9quilibres entre tous les quartiers.<\/p>\n\n\n\n<p>C\u2019est la raison pour laquelle nous voulons voir plus grand&nbsp;: en continuant \u00e0 \u00eatre pr\u00e9sents dans tous les organismes intercommunaux et surtout en veillant \u00e0 affirmer le mod\u00e8le de notre ville&nbsp;: Thorigny propose un cadre de vie de grande qualit\u00e9, naturellement attractif, \u00e0 seulement 30 minutes de Paris.<\/p>\n\n\n\n<p>Voil\u00e0 pourquoi nous devons continuer \u00e0 ma\u00eetriser notre destin commun&nbsp;!<\/p>\n\n\n\n<p>Grandir, s\u2019\u00e9panouir, travailler, avoir des loisirs, vieillir en bonne sant\u00e9, Thorigny doit rester la ville de tous les possibles&nbsp;!<\/p>\n\n\n\n<p><strong>MANDAT 2026 \u2013 2032&nbsp;: TROIS GRANDS DEFIS POUR NOTRE VILLE<\/strong><\/p>\n\n\n\n<p>Le prochain mandat sera celui de la pr\u00e9paration du Thorigny des ann\u00e9es 2030. D\u00e8s maintenant, cette pr\u00e9paration permettra \u00e0 la fois de r\u00e9pondre aux besoins des habitants d\u2019aujourd\u2019hui comme de celles et ceux qui viendront y habiter demain.<\/p>\n\n\n\n<p><em>Premier d\u00e9fi&nbsp;: Pour une ville verte et qui le reste&nbsp;!<\/em><\/p>\n\n\n\n<p>La ville des ann\u00e9es 2030 fera r\u00e9solument une grande place \u00e0 l\u2019environnement et la nature en son sein. Non seulement les espaces aujourd\u2019hui non-construits devront le rester, mais les diff\u00e9rents quartiers devront conserver voire accro\u00eetre la part du v\u00e9g\u00e9tal, ornemental ou naturel.<\/p>\n\n\n\n<p>Meilleure cohabitation des diff\u00e9rents modes de d\u00e9placements, r\u00e9duction de la d\u00e9pendance \u00e0 la voiture, r\u00e9duction de la facture \u00e9nerg\u00e9tique, celle de la commune comme celles des habitants&nbsp;: ces exigences incontournables de notre si\u00e8cle seront au c\u0153ur de notre action locale.<\/p>\n\n\n\n<p><em>Second d\u00e9fi&nbsp;: Thorigny, la ville du service public&nbsp;!<\/em><\/p>\n\n\n\n<p>A Thorigny, le service public local n\u2019est pas un vain mot. Qualit\u00e9 de la restauration scolaire, accueils de loisirs, petite-enfance, politique culturelle, activit\u00e9s sportives et de loisirs, infrastructures sportives, soutien \u00e0 la vie associative, animations et \u00e9v\u00e9nements font partie des actions et projets fondamentaux d\u00e9velopp\u00e9s par ou avec la Ville.<\/p>\n\n\n\n<p>Ce choix, s\u2019il a un co\u00fbt, permet \u00e0 tous les habitants de b\u00e9n\u00e9ficier d\u2019un tr\u00e8s haut niveau de service public, \u00e0 des tarifs jamais augment\u00e9s depuis 2020.<\/p>\n\n\n\n<p>Nous voulons pr\u00e9server ce choix d\u2019un service public local tr\u00e8s fort, malgr\u00e9 le d\u00e9sengagement financier de l\u2019\u00c9tat, en p\u00e9rennisant les actions et les projets tout en continuant de moderniser et r\u00e9interroger l\u2019action municipale.<\/p>\n\n\n\n<p>Nous voulons \u00e9galement davantage mobiliser la soci\u00e9t\u00e9 civile thorignienne en donnant plus de place au b\u00e9n\u00e9volat, \u00e0 l\u2019engagement des individus dans la vie de leur quartier et de la commune, afin qu\u2019action publique et action citoyenne se rejoignent.<\/p>\n\n\n\n<p>Forts des r\u00e9sultats acquis au cours du mandat qui s\u2019ach\u00e8ve, nous poursuivrons et renforcerons ce qui donne du sens au service public, fait Soci\u00e9t\u00e9 et vivre ensemble, \u00e0 tout \u00e2ge&nbsp;: la s\u00e9curit\u00e9 dans les espaces publics, ainsi que la pr\u00e9vention de toutes formes d\u2019incivilit\u00e9s ou de violences, intrafamiliales ou autres.<\/p>\n\n\n\n<p><em>Troisi\u00e8me d\u00e9fi&nbsp;: Faire b\u00e9n\u00e9ficier Thorigny du d\u00e9veloppement de l\u2019est-francilien<\/em><\/p>\n\n\n\n<p>L\u2019arriv\u00e9e de la ligne 16 du m\u00e9tro \u00e0 Chelles en 2028 va renforcer l\u2019attractivit\u00e9 de notre territoire. Aujourd\u2019hui la moiti\u00e9 des actifs de Thorigny travaille \u00e0 Paris et en petite couronne, et autant \u00e0 Marne-la-Vall\u00e9e, Val d\u2019Europe ou Roissy, et dans le reste de la Seine-et-Marne. Demain, nous voulons profiter du renforcement de l\u2019accessibilit\u00e9 de notre territoire pour accentuer le d\u00e9veloppement \u00e9conomique et consacrer l\u2019attrait des entreprises de Thorigny et ses environs.<\/p>\n\n\n\n<p>Par ailleurs, Lagny-sur-Marne et Thorigny-sur-Marne, certes s\u00e9par\u00e9es par la Marne, sont reli\u00e9es par deux ponts <em>et <\/em>partagent&nbsp;un espace de vie qui, ensemble, a du poids dans l\u2019est-francilien. Face aux mod\u00e8les voisins des villes-nouvelles totalement contemporaines voire artificielles, nous pouvons, en associant davantage nos deux villes, arriver \u00e0 proposer un mode de vie qui s\u2019appuie sur un patrimoine r\u00e9el et r\u00e9put\u00e9, des quartiers \u00e0 \u00e9chelle humaine et l\u2019acc\u00e8s en quinze minutes \u00e0 la plupart des activit\u00e9s, services, \u00e0 l\u2019emploi, mais aussi et surtout \u00e0 la nature et un environnement pr\u00e9serv\u00e9.<\/p>\n\n\n\n<p><strong>NOTRE ETAT D\u2019ESPRIT<\/strong><\/p>\n\n\n\n<p>Notre \u00e9quipe s\u2019appuie \u00e0 la fois sur des femmes et des hommes d\u2019exp\u00e9rience, et \u00e0 la fois sur des citoyens qui s\u2019engagent pour la premi\u00e8re fois.<\/p>\n\n\n\n<p>Continuit\u00e9 des actions, stabilit\u00e9 de la commune, de son administration, de ses finances vont de pair avec le volontarisme, l\u2019innovation et l\u2019enthousiasme&nbsp;!<\/p>\n\n\n\n<p>Nous n\u2019avons pas d\u2019autres ambitions que d\u2019\u00eatre au service de Thorigny et de ses habitants. Notre engagement municipal ne sert aucun plan de carri\u00e8re au sein de l\u2019agglom\u00e9ration de Marne et Gondoire ou dans d\u2019autres institutions&nbsp;: nous sommes et serons des \u00e9lus \u00e0 100&nbsp;% pour Thorigny.<\/p>\n\n\n\n<p>Les d\u00e9fis pour r\u00e9ussir le Thorigny des ann\u00e9es 2030 exigent conviction, courage et d\u00e9termination. Une \u00e9nergie clairement port\u00e9e par Ensemble pour Thorigny&nbsp;!<\/p>\n\n\n\n<p><\/p>\n","protected":false},"excerpt":{"rendered":"<p>MANIFESTE AGIR MAINTENANT POUR REUSSIR ENSEMBLE LE THORIGNY DES ANNEES 2030 NOTRE MANIFESTE POUR LES MUNICIPALES 2026 QUI SOMMES-NOUS&nbsp;? Ensemble pour Thorigny est une association politique locale, ind\u00e9pendante de tout parti national, qui rassemble des femmes et des hommes de gauche, du centre et de la droite, ainsi que des personnes sans pr\u00e9f\u00e9rence partisane. Nous [&hellip;]<\/p>\n","protected":false},"author":1,"featured_media":0,"parent":0,"menu_order":0,"comment_status":"closed","ping_status":"closed","template":"","meta":{"footnotes":""},"class_list":["post-149","page","type-page","status-publish","hentry"],"_links":{"self":[{"href":"https:\/\/ensemble-pour-thorigny.ovh\/index.php\/wp-json\/wp\/v2\/pages\/149","targetHints":{"allow":["GET"]}}],"collection":[{"href":"https:\/\/ensemble-pour-thorigny.ovh\/index.php\/wp-json\/wp\/v2\/pages"}],"about":[{"href":"https:\/\/ensemble-pour-thorigny.ovh\/index.php\/wp-json\/wp\/v2\/types\/page"}],"author":[{"embeddable":true,"href":"https:\/\/ensemble-pour-thorigny.ovh\/index.php\/wp-json\/wp\/v2\/users\/1"}],"replies":[{"embeddable":true,"href":"https:\/\/ensemble-pour-thorigny.ovh\/index.php\/wp-json\/wp\/v2\/comments?post=149"}],"version-history":[{"count":4,"href":"https:\/\/ensemble-pour-thorigny.ovh\/index.php\/wp-json\/wp\/v2\/pages\/149\/revisions"}],"predecessor-version":[{"id":224,"href":"https:\/\/ensemble-pour-thorigny.ovh\/index.php\/wp-json\/wp\/v2\/pages\/149\/revisions\/224"}],"wp:attachment":[{"href":"https:\/\/ensemble-pour-thorigny.ovh\/index.php\/wp-json\/wp\/v2\/media?parent=149"}],"curies":[{"name":"wp","href":"https:\/\/api.w.org\/{rel}","templated":true}]}}

<p data-wp-context---core-fit-text="core/fit-text::{&quot;fontSize&quot;:&quot;&quot;}" data-wp-init---core-fit-text="core/fit-text::callbacks.init" data-wp-interactive data-wp-style--font-size="core/fit-text::context.fontSize" class="has-text-align-center has-fit-text">MANIFESTE</p>



<p><strong>AGIR MAINTENANT POUR REUSSIR ENSEMBLE LE THORIGNY DES ANNEES 2030</strong></p>



<p><strong>NOTRE MANIFESTE POUR LES MUNICIPALES 2026</strong></p>



<p><strong>QUI SOMMES-NOUS&nbsp;?</strong></p>



<p>Ensemble pour Thorigny est une association politique locale, indépendante de tout parti national, qui rassemble des femmes et des hommes de gauche, du centre et de la droite, ainsi que des personnes sans préférence partisane.</p>



<p>Nous construisons en notre sein les consensus qui permettent de défendre les intérêts de notre commune en étant représentatifs de différentes sensibilités et de tous les quartiers.</p>



<p>Nous avons soutenu la majorité municipale sortante et assumons le bilan du mandat 2020-2026. Nous poursuivrons son action tout en la renouvelant et en innovant afin de répondre aux défis des prochaines années.</p>



<p><strong>NOTRE AMBITION EST LOCALE, NOTRE VISION EST GLOBALE</strong></p>



<p>Thorigny doit continuer à être la commune résidentielle, paisible et agréable qu’elle est actuellement en profitant de sa situation privilégiée en grande couronne francilienne.</p>



<p>En 2020, Thorigny a atteint pour la première fois la barre des 10 000 habitants. Depuis, la population est stable, grâce à l’arrivée de nouveaux habitants et à une modération dans les nouvelles constructions. Mais cette stabilité n’est qu’apparente&nbsp;: 1 habitant sur 3 n’habitait pas la commune il y a cinq ans. Il existe donc tout autant un enjeu de maîtrise de notre urbanisation que de préservation des équilibres entre tous les quartiers.</p>



<p>C’est la raison pour laquelle nous voulons voir plus grand&nbsp;: en continuant à être présents dans tous les organismes intercommunaux et surtout en veillant à affirmer le modèle de notre ville&nbsp;: Thorigny propose un cadre de vie de grande qualité, naturellement attractif, à seulement 30 minutes de Paris.</p>



<p>Voilà pourquoi nous devons continuer à maîtriser notre destin commun&nbsp;!</p>



<p>Grandir, s’épanouir, travailler, avoir des loisirs, vieillir en bonne santé, Thorigny doit rester la ville de tous les possibles&nbsp;!</p>



<p><strong>MANDAT 2026 – 2032&nbsp;: TROIS GRANDS DEFIS POUR NOTRE VILLE</strong></p>



<p>Le prochain mandat sera celui de la préparation du Thorigny des années 2030. Dès maintenant, cette préparation permettra à la fois de répondre aux besoins des habitants d’aujourd’hui comme de celles et ceux qui viendront y habiter demain.</p>



<p><em>Premier défi&nbsp;: Pour une ville verte et qui le reste&nbsp;!</em></p>



<p>La ville des années 2030 fera résolument une grande place à l’environnement et la nature en son sein. Non seulement les espaces aujourd’hui non-construits devront le rester, mais les différents quartiers devront conserver voire accroître la part du végétal, ornemental ou naturel.</p>



<p>Meilleure cohabitation des différents modes de déplacements, réduction de la dépendance à la voiture, réduction de la facture énergétique, celle de la commune comme celles des habitants&nbsp;: ces exigences incontournables de notre siècle seront au cœur de notre action locale.</p>



<p><em>Second défi&nbsp;: Thorigny, la ville du service public&nbsp;!</em></p>



<p>A Thorigny, le service public local n’est pas un vain mot. Qualité de la restauration scolaire, accueils de loisirs, petite-enfance, politique culturelle, activités sportives et de loisirs, infrastructures sportives, soutien à la vie associative, animations et événements font partie des actions et projets fondamentaux développés par ou avec la Ville.</p>



<p>Ce choix, s’il a un coût, permet à tous les habitants de bénéficier d’un très haut niveau de service public, à des tarifs jamais augmentés depuis 2020.</p>



<p>Nous voulons préserver ce choix d’un service public local très fort, malgré le désengagement financier de l’État, en pérennisant les actions et les projets tout en continuant de moderniser et réinterroger l’action municipale.</p>



<p>Nous voulons également davantage mobiliser la société civile thorignienne en donnant plus de place au bénévolat, à l’engagement des individus dans la vie de leur quartier et de la commune, afin qu’action publique et action citoyenne se rejoignent.</p>



<p>Forts des résultats acquis au cours du mandat qui s’achève, nous poursuivrons et renforcerons ce qui donne du sens au service public, fait Société et vivre ensemble, à tout âge&nbsp;: la sécurité dans les espaces publics, ainsi que la prévention de toutes formes d’incivilités ou de violences, intrafamiliales ou autres.</p>



<p><em>Troisième défi&nbsp;: Faire bénéficier Thorigny du développement de l’est-francilien</em></p>



<p>L’arrivée de la ligne 16 du métro à Chelles en 2028 va renforcer l’attractivité de notre territoire. Aujourd’hui la moitié des actifs de Thorigny travaille à Paris et en petite couronne, et autant à Marne-la-Vallée, Val d’Europe ou Roissy, et dans le reste de la Seine-et-Marne. Demain, nous voulons profiter du renforcement de l’accessibilité de notre territoire pour accentuer le développement économique et consacrer l’attrait des entreprises de Thorigny et ses environs.</p>



<p>Par ailleurs, Lagny-sur-Marne et Thorigny-sur-Marne, certes séparées par la Marne, sont reliées par deux ponts <em>et </em>partagent&nbsp;un espace de vie qui, ensemble, a du poids dans l’est-francilien. Face aux modèles voisins des villes-nouvelles totalement contemporaines voire artificielles, nous pouvons, en associant davantage nos deux villes, arriver à proposer un mode de vie qui s’appuie sur un patrimoine réel et réputé, des quartiers à échelle humaine et l’accès en quinze minutes à la plupart des activités, services, à l’emploi, mais aussi et surtout à la nature et un environnement préservé.</p>



<p><strong>NOTRE ETAT D’ESPRIT</strong></p>



<p>Notre équipe s’appuie à la fois sur des femmes et des hommes d’expérience, et à la fois sur des citoyens qui s’engagent pour la première fois.</p>



<p>Continuité des actions, stabilité de la commune, de son administration, de ses finances vont de pair avec le volontarisme, l’innovation et l’enthousiasme&nbsp;!</p>



<p>Nous n’avons pas d’autres ambitions que d’être au service de Thorigny et de ses habitants. Notre engagement municipal ne sert aucun plan de carrière au sein de l’agglomération de Marne et Gondoire ou dans d’autres institutions&nbsp;: nous sommes et serons des élus à 100&nbsp;% pour Thorigny.</p>



<p>Les défis pour réussir le Thorigny des années 2030 exigent conviction, courage et détermination. Une énergie clairement portée par Ensemble pour Thorigny&nbsp;!</p>



<p></p>

<p>MANIFESTE AGIR MAINTENANT POUR REUSSIR ENSEMBLE LE THORIGNY DES ANNEES 2030 NOTRE MANIFESTE POUR LES MUNICIPALES 2026 QUI SOMMES-NOUS&nbsp;? Ensemble pour Thorigny est une association politique locale, indépendante de tout parti national, qui rassemble des femmes et des hommes de gauche, du centre et de la droite, ainsi que des personnes sans préférence partisane. Nous [&hellip;]</p>
