{"id":184,"date":"2026-01-27T12:14:01","date_gmt":"2026-01-27T12:14:01","guid":{"rendered":"https:\/\/ensemble-pour-thorigny.ovh\/?page_id=184"},"modified":"2026-01-27T12:27:10","modified_gmt":"2026-01-27T12:27:10","slug":"tete-de-liste","status":"publish","type":"page","link":"https:\/\/ensemble-pour-thorigny.ovh\/index.php\/tete-de-liste\/","title":{"rendered":"t\u00eate de liste"},"content":{"rendered":"\n<p data-wp-context---core-fit-text=\"core\/fit-text::{&quot;fontSize&quot;:&quot;&quot;}\" data-wp-init---core-fit-text=\"core\/fit-text::callbacks.init\" data-wp-interactive data-wp-style--font-size=\"core\/fit-text::context.fontSize\" class=\"has-text-align-center has-fit-text\">TETE DE LISTE<\/p>\n\n\n\n<p><strong>Manuel DA SILVA, votre Maire<\/strong><\/p>\n\n\n\n<figure class=\"wp-block-image size-full\"><img loading=\"lazy\" decoding=\"async\" width=\"353\" height=\"500\" src=\"https:\/\/ensemble-pour-thorigny.ovh\/wp-content\/uploads\/2026\/01\/vignette-tete-de-liste-2.jpg\" alt=\"\" class=\"wp-image-186\" srcset=\"https:\/\/ensemble-pour-thorigny.ovh\/wp-content\/uploads\/2026\/01\/vignette-tete-de-liste-2.jpg 353w, https:\/\/ensemble-pour-thorigny.ovh\/wp-content\/uploads\/2026\/01\/vignette-tete-de-liste-2-212x300.jpg 212w\" sizes=\"auto, (max-width: 353px) 100vw, 353px\" \/><\/figure>\n\n\n\n<p>\u00ab Je vis \u00e0 Thorigny depuis 1981. Amateur de tennis de table, de football, de rugby, j&rsquo;ai vu<\/p>\n\n\n\n<p>mes enfants grandir ici et s&rsquo;y \u00e9panouir. Ce sont d\u00e9sormais mes petits-enfants qui vont dans l\u2019\u00e9cole de mes enfants&nbsp;!<\/p>\n\n\n\n<p>Entre 2008 et 2019, j\u2019ai particip\u00e9 \u00e0 la majorit\u00e9 municipale. Constatant les errements de la p\u00e9riode 2014-2020, j\u2019ai d\u00e9cid\u00e9 de lancer un rassemblement qui a emport\u00e9 les \u00e9lections municipales de 2020.<\/p>\n\n\n\n<p>Apr\u00e8s un mandat fortement perturb\u00e9 par le contexte national et international, et fort de mon exp\u00e9rience de gestion, je me pr\u00e9sente \u00e0 vous pour poursuivre mon action locale et continuer de d\u00e9fendre les int\u00e9r\u00eats de notre ville et de ses habitants<\/p>\n","protected":false},"excerpt":{"rendered":"<p>TETE DE LISTE Manuel DA SILVA, votre Maire \u00ab Je vis \u00e0 Thorigny depuis 1981. Amateur de tennis de table, de football, de rugby, j&rsquo;ai vu mes enfants grandir ici et s&rsquo;y \u00e9panouir. Ce sont d\u00e9sormais mes petits-enfants qui vont dans l\u2019\u00e9cole de mes enfants&nbsp;! Entre 2008 et 2019, j\u2019ai particip\u00e9 \u00e0 la majorit\u00e9 municipale. [&hellip;]<\/p>\n","protected":false},"author":1,"featured_media":0,"parent":0,"menu_order":0,"comment_status":"closed","ping_status":"closed","template":"","meta":{"footnotes":""},"class_list":["post-184","page","type-page","status-publish","hentry"],"_links":{"self":[{"href":"https:\/\/ensemble-pour-thorigny.ovh\/index.php\/wp-json\/wp\/v2\/pages\/184","targetHints":{"allow":["GET"]}}],"collection":[{"href":"https:\/\/ensemble-pour-thorigny.ovh\/index.php\/wp-json\/wp\/v2\/pages"}],"about":[{"href":"https:\/\/ensemble-pour-thorigny.ovh\/index.php\/wp-json\/wp\/v2\/types\/page"}],"author":[{"embeddable":true,"href":"https:\/\/ensemble-pour-thorigny.ovh\/index.php\/wp-json\/wp\/v2\/users\/1"}],"replies":[{"embeddable":true,"href":"https:\/\/ensemble-pour-thorigny.ovh\/index.php\/wp-json\/wp\/v2\/comments?post=184"}],"version-history":[{"count":2,"href":"https:\/\/ensemble-pour-thorigny.ovh\/index.php\/wp-json\/wp\/v2\/pages\/184\/revisions"}],"predecessor-version":[{"id":187,"href":"https:\/\/ensemble-pour-thorigny.ovh\/index.php\/wp-json\/wp\/v2\/pages\/184\/revisions\/187"}],"wp:attachment":[{"href":"https:\/\/ensemble-pour-thorigny.ovh\/index.php\/wp-json\/wp\/v2\/media?parent=184"}],"curies":[{"name":"wp","href":"https:\/\/api.w.org\/{rel}","templated":true}]}}