{"id":234,"date":"2026-01-28T08:07:45","date_gmt":"2026-01-28T08:07:45","guid":{"rendered":"https:\/\/ensemble-pour-thorigny.ovh\/?page_id=234"},"modified":"2026-01-30T09:42:20","modified_gmt":"2026-01-30T09:42:20","slug":"vincent-passuto","status":"publish","type":"page","link":"https:\/\/ensemble-pour-thorigny.ovh\/index.php\/vincent-passuto\/","title":{"rendered":"Vincent Passuto"},"content":{"rendered":"\n<p data-wp-context---core-fit-text=\"core\/fit-text::{&quot;fontSize&quot;:&quot;&quot;}\" data-wp-init---core-fit-text=\"core\/fit-text::callbacks.init\" data-wp-interactive data-wp-style--font-size=\"core\/fit-text::context.fontSize\" class=\"has-fit-text\">Vincent Passuto<\/p>\n\n\n\n<p>Je m\u2019appelle Vincent PASUTTO, j\u2019ai 54 ans, un fils et j\u2019habite \u00e0 Thorigny depuis quinze ans. Je recherchais une commune alliant proximit\u00e9 avec Paris par les transports et cadre de vie pr\u00e9serv\u00e9, avec une part importante d\u2019espaces naturels. J\u2019ai trouv\u00e9 \u00e0 Thorigny un \u00e9quilibre qui me ressemble, apaisant, et en lien avec les communes voisines, proposant un bassin de vie agr\u00e9able. Depuis Trente ans, je me suis engag\u00e9 dans le service public. Ing\u00e9nieur de formation, j\u2019ai pass\u00e9 les concours de la fonction publique territoriale. Apr\u00e8s avoir \u00e9t\u00e9 directeur de l\u2019Environnement, DST, je suis aujourd\u2019hui directeur des b\u00e2timents d\u2019une CA de l\u2019Est parisien. En parall\u00e8le, je me suis investi dans le milieu associatif, en qualit\u00e9 de Pr\u00e9sident de la section Ile-de-France de l\u2019AITF, mais aussi en son temps en qualit\u00e9 de membre fondateur de TDS, pour la campagne de 2014. Aujourd\u2019hui, je soutiens Manuel Da Silva, parce qu\u2019il vit sur la commune, qu\u2019il sait rassembler, \u00e9couter et animer une \u00e9quipe aux profils tous diff\u00e9rents. Son action au cours des six ann\u00e9es \u00e9coul\u00e9es m\u2019a convaincu, et donn\u00e9 l\u2019envie de m\u2019investir pleinement, pour pr\u00e9server et faire \u00e9voluer notre ville de Thorigny.<\/p>\n\n\n\n<figure class=\"wp-block-embed is-type-video is-provider-youtube wp-block-embed-youtube wp-embed-aspect-9-16 wp-has-aspect-ratio\"><div class=\"wp-block-embed__wrapper\">\n<iframe loading=\"lazy\" title=\"pr\u00e9sentation vincent\" width=\"422\" height=\"750\" src=\"https:\/\/www.youtube.com\/embed\/bzrMH8fnJDo?feature=oembed\" frameborder=\"0\" allow=\"accelerometer; autoplay; clipboard-write; encrypted-media; gyroscope; picture-in-picture; web-share\" referrerpolicy=\"strict-origin-when-cross-origin\" allowfullscreen><\/iframe>\n<\/div><\/figure>\n","protected":false},"excerpt":{"rendered":"<p>Vincent Passuto Je m\u2019appelle Vincent PASUTTO, j\u2019ai 54 ans, un fils et j\u2019habite \u00e0 Thorigny depuis quinze ans. Je recherchais une commune alliant proximit\u00e9 avec Paris par les transports et cadre de vie pr\u00e9serv\u00e9, avec une part importante d\u2019espaces naturels. J\u2019ai trouv\u00e9 \u00e0 Thorigny un \u00e9quilibre qui me ressemble, apaisant, et en lien avec les [&hellip;]<\/p>\n","protected":false},"author":1,"featured_media":0,"parent":0,"menu_order":0,"comment_status":"closed","ping_status":"closed","template":"","meta":{"footnotes":""},"class_list":["post-234","page","type-page","status-publish","hentry"],"_links":{"self":[{"href":"https:\/\/ensemble-pour-thorigny.ovh\/index.php\/wp-json\/wp\/v2\/pages\/234","targetHints":{"allow":["GET"]}}],"collection":[{"href":"https:\/\/ensemble-pour-thorigny.ovh\/index.php\/wp-json\/wp\/v2\/pages"}],"about":[{"href":"https:\/\/ensemble-pour-thorigny.ovh\/index.php\/wp-json\/wp\/v2\/types\/page"}],"author":[{"embeddable":true,"href":"https:\/\/ensemble-pour-thorigny.ovh\/index.php\/wp-json\/wp\/v2\/users\/1"}],"replies":[{"embeddable":true,"href":"https:\/\/ensemble-pour-thorigny.ovh\/index.php\/wp-json\/wp\/v2\/comments?post=234"}],"version-history":[{"count":4,"href":"https:\/\/ensemble-pour-thorigny.ovh\/index.php\/wp-json\/wp\/v2\/pages\/234\/revisions"}],"predecessor-version":[{"id":254,"href":"https:\/\/ensemble-pour-thorigny.ovh\/index.php\/wp-json\/wp\/v2\/pages\/234\/revisions\/254"}],"wp:attachment":[{"href":"https:\/\/ensemble-pour-thorigny.ovh\/index.php\/wp-json\/wp\/v2\/media?parent=234"}],"curies":[{"name":"wp","href":"https:\/\/api.w.org\/{rel}","templated":true}]}}

<p data-wp-context---core-fit-text="core/fit-text::{&quot;fontSize&quot;:&quot;&quot;}" data-wp-init---core-fit-text="core/fit-text::callbacks.init" data-wp-interactive data-wp-style--font-size="core/fit-text::context.fontSize" class="has-fit-text">Vincent Passuto</p>



<p>Je m’appelle Vincent PASUTTO, j’ai 54 ans, un fils et j’habite à Thorigny depuis quinze ans. Je recherchais une commune alliant proximité avec Paris par les transports et cadre de vie préservé, avec une part importante d’espaces naturels. J’ai trouvé à Thorigny un équilibre qui me ressemble, apaisant, et en lien avec les communes voisines, proposant un bassin de vie agréable. Depuis Trente ans, je me suis engagé dans le service public. Ingénieur de formation, j’ai passé les concours de la fonction publique territoriale. Après avoir été directeur de l’Environnement, DST, je suis aujourd’hui directeur des bâtiments d’une CA de l’Est parisien. En parallèle, je me suis investi dans le milieu associatif, en qualité de Président de la section Ile-de-France de l’AITF, mais aussi en son temps en qualité de membre fondateur de TDS, pour la campagne de 2014. Aujourd’hui, je soutiens Manuel Da Silva, parce qu’il vit sur la commune, qu’il sait rassembler, écouter et animer une équipe aux profils tous différents. Son action au cours des six années écoulées m’a convaincu, et donné l’envie de m’investir pleinement, pour préserver et faire évoluer notre ville de Thorigny.</p>



<figure class="wp-block-embed is-type-video is-provider-youtube wp-block-embed-youtube wp-embed-aspect-9-16 wp-has-aspect-ratio"><div class="wp-block-embed__wrapper">
<iframe loading="lazy" title="présentation vincent" width="422" height="750" src="https://www.youtube.com/embed/bzrMH8fnJDo?feature=oembed" frameborder="0" allow="accelerometer; autoplay; clipboard-write; encrypted-media; gyroscope; picture-in-picture; web-share" referrerpolicy="strict-origin-when-cross-origin" allowfullscreen></iframe>
</div></figure>

<p>Vincent Passuto Je m’appelle Vincent PASUTTO, j’ai 54 ans, un fils et j’habite à Thorigny depuis quinze ans. Je recherchais une commune alliant proximité avec Paris par les transports et cadre de vie préservé, avec une part importante d’espaces naturels. J’ai trouvé à Thorigny un équilibre qui me ressemble, apaisant, et en lien avec les [&hellip;]</p>
