{"id":250,"date":"2026-01-28T15:45:49","date_gmt":"2026-01-28T15:45:49","guid":{"rendered":"https:\/\/ensemble-pour-thorigny.ovh\/?page_id=250"},"modified":"2026-01-28T15:45:49","modified_gmt":"2026-01-28T15:45:49","slug":"lauren-despres","status":"publish","type":"page","link":"https:\/\/ensemble-pour-thorigny.ovh\/index.php\/lauren-despres\/","title":{"rendered":"Lauren Despr\u00e8s"},"content":{"rendered":"\n<p data-wp-context---core-fit-text=\"core\/fit-text::{&quot;fontSize&quot;:&quot;&quot;}\" data-wp-init---core-fit-text=\"core\/fit-text::callbacks.init\" data-wp-interactive data-wp-style--font-size=\"core\/fit-text::context.fontSize\" class=\"has-fit-text\">Lauren Despr\u00e8s<\/p>\n\n\n\n<p>Je m\u2019appelle Lauren Despr\u00e9s, j\u2019ai 47 ans et j\u2019habite \u00e0 Thorigny depuis un peu plus de vingt ans. Je suis arriv\u00e9e un peu par hasard en 2002\u2026 et je ne suis jamais repartie. Parce que j\u2019ai trouv\u00e9 \u00e0 Thorigny un \u00e9quilibre qui me ressemble entre un cadre de vie agr\u00e9able, reposant, et l a proximit\u00e9 de Paris et de nombreux loisirs. Depuis vingt ans, mon engagement est clair : agir pour l\u2019enfance. Apr\u00e8s avoir \u00e9t\u00e9 enseignante, directrice, formatrice, j\u2019ai choisi d\u2019agir au sein des collectivit\u00e9s, parce que je suis convaincue que c\u2019est l\u00e0 qu\u2019on peut vraiment agir et faire bouger les lignes. Cet engagement, je le m\u00e8ne ici, \u00e0 Thorigny, comme \u00e9lue, et ailleurs, comme responsable de service. En parall\u00e8le, je me suis toujours battue pour l\u2019acc\u00e8s \u00e0 la culture pour tous. C\u2019est une conviction forte. Depuis 2020, le travail collectif men\u00e9 a permis de redonner vie au Moustier, et j\u2019en suis tr\u00e8s fi\u00e8re. Si je soutiens Manuel Da Silva, c\u2019est parce qu\u2019il sait rassembler. Il sait faire travailler ensemble des personnes diff\u00e9rentes, aux parcours et aux sensibilit\u00e9s vari\u00e9s, et trouver avec elles des solutions communes pour avancer. Autour de lui, il y a une \u00e9quipe de femmes et d\u2019hommes qui ont une seule envie : s\u2019investir pleinement pour faire avancer Thorigny, parce qu\u2019ils y vivent et qu\u2019ils y croient.<\/p>\n\n\n\n<figure class=\"wp-block-embed is-type-video is-provider-youtube wp-block-embed-youtube wp-embed-aspect-9-16 wp-has-aspect-ratio\"><div class=\"wp-block-embed__wrapper\">\n<iframe loading=\"lazy\" title=\"pr\u00e9sentation lawrenne\" width=\"422\" height=\"750\" src=\"https:\/\/www.youtube.com\/embed\/luM_76OeEnA?feature=oembed\" frameborder=\"0\" allow=\"accelerometer; autoplay; clipboard-write; encrypted-media; gyroscope; picture-in-picture; web-share\" referrerpolicy=\"strict-origin-when-cross-origin\" allowfullscreen><\/iframe>\n<\/div><\/figure>\n","protected":false},"excerpt":{"rendered":"<p>Lauren Despr\u00e8s Je m\u2019appelle Lauren Despr\u00e9s, j\u2019ai 47 ans et j\u2019habite \u00e0 Thorigny depuis un peu plus de vingt ans. Je suis arriv\u00e9e un peu par hasard en 2002\u2026 et je ne suis jamais repartie. Parce que j\u2019ai trouv\u00e9 \u00e0 Thorigny un \u00e9quilibre qui me ressemble entre un cadre de vie agr\u00e9able, reposant, et l [&hellip;]<\/p>\n","protected":false},"author":1,"featured_media":0,"parent":0,"menu_order":0,"comment_status":"closed","ping_status":"closed","template":"","meta":{"footnotes":""},"class_list":["post-250","page","type-page","status-publish","hentry"],"_links":{"self":[{"href":"https:\/\/ensemble-pour-thorigny.ovh\/index.php\/wp-json\/wp\/v2\/pages\/250","targetHints":{"allow":["GET"]}}],"collection":[{"href":"https:\/\/ensemble-pour-thorigny.ovh\/index.php\/wp-json\/wp\/v2\/pages"}],"about":[{"href":"https:\/\/ensemble-pour-thorigny.ovh\/index.php\/wp-json\/wp\/v2\/types\/page"}],"author":[{"embeddable":true,"href":"https:\/\/ensemble-pour-thorigny.ovh\/index.php\/wp-json\/wp\/v2\/users\/1"}],"replies":[{"embeddable":true,"href":"https:\/\/ensemble-pour-thorigny.ovh\/index.php\/wp-json\/wp\/v2\/comments?post=250"}],"version-history":[{"count":1,"href":"https:\/\/ensemble-pour-thorigny.ovh\/index.php\/wp-json\/wp\/v2\/pages\/250\/revisions"}],"predecessor-version":[{"id":252,"href":"https:\/\/ensemble-pour-thorigny.ovh\/index.php\/wp-json\/wp\/v2\/pages\/250\/revisions\/252"}],"wp:attachment":[{"href":"https:\/\/ensemble-pour-thorigny.ovh\/index.php\/wp-json\/wp\/v2\/media?parent=250"}],"curies":[{"name":"wp","href":"https:\/\/api.w.org\/{rel}","templated":true}]}}

Lauren Desprès

<p data-wp-context---core-fit-text="core/fit-text::{&quot;fontSize&quot;:&quot;&quot;}" data-wp-init---core-fit-text="core/fit-text::callbacks.init" data-wp-interactive data-wp-style--font-size="core/fit-text::context.fontSize" class="has-fit-text">Lauren Desprès</p>



<p>Je m’appelle Lauren Després, j’ai 47 ans et j’habite à Thorigny depuis un peu plus de vingt ans. Je suis arrivée un peu par hasard en 2002… et je ne suis jamais repartie. Parce que j’ai trouvé à Thorigny un équilibre qui me ressemble entre un cadre de vie agréable, reposant, et l a proximité de Paris et de nombreux loisirs. Depuis vingt ans, mon engagement est clair : agir pour l’enfance. Après avoir été enseignante, directrice, formatrice, j’ai choisi d’agir au sein des collectivités, parce que je suis convaincue que c’est là qu’on peut vraiment agir et faire bouger les lignes. Cet engagement, je le mène ici, à Thorigny, comme élue, et ailleurs, comme responsable de service. En parallèle, je me suis toujours battue pour l’accès à la culture pour tous. C’est une conviction forte. Depuis 2020, le travail collectif mené a permis de redonner vie au Moustier, et j’en suis très fière. Si je soutiens Manuel Da Silva, c’est parce qu’il sait rassembler. Il sait faire travailler ensemble des personnes différentes, aux parcours et aux sensibilités variés, et trouver avec elles des solutions communes pour avancer. Autour de lui, il y a une équipe de femmes et d’hommes qui ont une seule envie : s’investir pleinement pour faire avancer Thorigny, parce qu’ils y vivent et qu’ils y croient.</p>



<figure class="wp-block-embed is-type-video is-provider-youtube wp-block-embed-youtube wp-embed-aspect-9-16 wp-has-aspect-ratio"><div class="wp-block-embed__wrapper">
<iframe loading="lazy" title="présentation lawrenne" width="422" height="750" src="https://www.youtube.com/embed/luM_76OeEnA?feature=oembed" frameborder="0" allow="accelerometer; autoplay; clipboard-write; encrypted-media; gyroscope; picture-in-picture; web-share" referrerpolicy="strict-origin-when-cross-origin" allowfullscreen></iframe>
</div></figure>

<p>Lauren Desprès Je m’appelle Lauren Després, j’ai 47 ans et j’habite à Thorigny depuis un peu plus de vingt ans. Je suis arrivée un peu par hasard en 2002… et je ne suis jamais repartie. Parce que j’ai trouvé à Thorigny un équilibre qui me ressemble entre un cadre de vie agréable, reposant, et l [&hellip;]</p>
