{"id":255,"date":"2026-01-30T09:59:16","date_gmt":"2026-01-30T09:59:16","guid":{"rendered":"https:\/\/ensemble-pour-thorigny.ovh\/?page_id=255"},"modified":"2026-01-30T10:05:33","modified_gmt":"2026-01-30T10:05:33","slug":"nobejsa-majic","status":"publish","type":"page","link":"https:\/\/ensemble-pour-thorigny.ovh\/index.php\/nobejsa-majic\/","title":{"rendered":"Nobejsa Majic"},"content":{"rendered":"\n<p data-wp-context---core-fit-text=\"core\/fit-text::{&quot;fontSize&quot;:&quot;&quot;}\" data-wp-init---core-fit-text=\"core\/fit-text::callbacks.init\" data-wp-interactive data-wp-style--font-size=\"core\/fit-text::context.fontSize\" class=\"has-text-align-center has-fit-text\">Nobejsa Majic<\/p>\n\n\n\n<p>Je m\u2019appelle Nebojsa MAJIC, j\u2019ai 54 ans je suis arriv\u00e9 \u00e0 Thorigny depuis 1997. J\u2019ai quitt\u00e9 la proche banlieue pour rechercher un endroit paisible pour m\u2019installer avec ma compagne afin de fonder une famille. Thorigny m\u2019a sembl\u00e9 \u00eatre l\u2019endroit id\u00e9al \u00ab une ville \u00e0 la campagne \u00bb \u00e0 25 minutes de Paris. Un ville \u00e0 dimension humaine avec des commerces de proximit\u00e9 et surtout une gare. Consommateur comme un certain nombre d\u2019habitant, j\u2019ai \u00e9t\u00e9 enr\u00f4l\u00e9 par un voisin qui disait que l\u2019avenir de la ville appartenait aux jeunes et qu\u2019il fallait que l\u2019on prenne la rel\u00e8ve. Je me suis engag\u00e9 dans le monde associatif depuis 26 ans, il est important que chaque Thorignien puisse donner un peu de temps \u00e0 la collectivit\u00e9 pour construire la ville du futur. J\u2019ai souhait\u00e9 mettre mes comp\u00e9tences professionnels issue du monde de l\u2019environnement et des services en aux entreprises au sein de la commune. Je soutiens Manuel DA SILVA car c\u2019est un homme de terrain proche de ses dossiers. Il s\u2019investit pleinement pour la commune et l\u2019agglom\u00e9ration depuis de nombreuses ann\u00e9es. Il a su et sait rassembler des femmes et des hommes d\u2019horizon diff\u00e9rents pour construire le Thorigny de demain.<\/p>\n\n\n\n<figure class=\"wp-block-embed is-type-video is-provider-youtube wp-block-embed-youtube wp-embed-aspect-4-3 wp-has-aspect-ratio\"><div class=\"wp-block-embed__wrapper\">\n<iframe loading=\"lazy\" title=\"pr\u00e9sentation nebo\" width=\"422\" height=\"750\" src=\"https:\/\/www.youtube.com\/embed\/z1N33Zss7M8?feature=oembed\" frameborder=\"0\" allow=\"accelerometer; autoplay; clipboard-write; encrypted-media; gyroscope; picture-in-picture; web-share\" referrerpolicy=\"strict-origin-when-cross-origin\" allowfullscreen><\/iframe>\n<\/div><\/figure>\n","protected":false},"excerpt":{"rendered":"<p>Nobejsa Majic Je m\u2019appelle Nebojsa MAJIC, j\u2019ai 54 ans je suis arriv\u00e9 \u00e0 Thorigny depuis 1997. J\u2019ai quitt\u00e9 la proche banlieue pour rechercher un endroit paisible pour m\u2019installer avec ma compagne afin de fonder une famille. Thorigny m\u2019a sembl\u00e9 \u00eatre l\u2019endroit id\u00e9al \u00ab une ville \u00e0 la campagne \u00bb \u00e0 25 minutes de Paris. Un [&hellip;]<\/p>\n","protected":false},"author":1,"featured_media":0,"parent":0,"menu_order":0,"comment_status":"closed","ping_status":"closed","template":"","meta":{"footnotes":""},"class_list":["post-255","page","type-page","status-publish","hentry"],"_links":{"self":[{"href":"https:\/\/ensemble-pour-thorigny.ovh\/index.php\/wp-json\/wp\/v2\/pages\/255","targetHints":{"allow":["GET"]}}],"collection":[{"href":"https:\/\/ensemble-pour-thorigny.ovh\/index.php\/wp-json\/wp\/v2\/pages"}],"about":[{"href":"https:\/\/ensemble-pour-thorigny.ovh\/index.php\/wp-json\/wp\/v2\/types\/page"}],"author":[{"embeddable":true,"href":"https:\/\/ensemble-pour-thorigny.ovh\/index.php\/wp-json\/wp\/v2\/users\/1"}],"replies":[{"embeddable":true,"href":"https:\/\/ensemble-pour-thorigny.ovh\/index.php\/wp-json\/wp\/v2\/comments?post=255"}],"version-history":[{"count":1,"href":"https:\/\/ensemble-pour-thorigny.ovh\/index.php\/wp-json\/wp\/v2\/pages\/255\/revisions"}],"predecessor-version":[{"id":256,"href":"https:\/\/ensemble-pour-thorigny.ovh\/index.php\/wp-json\/wp\/v2\/pages\/255\/revisions\/256"}],"wp:attachment":[{"href":"https:\/\/ensemble-pour-thorigny.ovh\/index.php\/wp-json\/wp\/v2\/media?parent=255"}],"curies":[{"name":"wp","href":"https:\/\/api.w.org\/{rel}","templated":true}]}}

<p data-wp-context---core-fit-text="core/fit-text::{&quot;fontSize&quot;:&quot;&quot;}" data-wp-init---core-fit-text="core/fit-text::callbacks.init" data-wp-interactive data-wp-style--font-size="core/fit-text::context.fontSize" class="has-text-align-center has-fit-text">Nobejsa Majic</p>



<p>Je m’appelle Nebojsa MAJIC, j’ai 54 ans je suis arrivé à Thorigny depuis 1997. J’ai quitté la proche banlieue pour rechercher un endroit paisible pour m’installer avec ma compagne afin de fonder une famille. Thorigny m’a semblé être l’endroit idéal « une ville à la campagne » à 25 minutes de Paris. Un ville à dimension humaine avec des commerces de proximité et surtout une gare. Consommateur comme un certain nombre d’habitant, j’ai été enrôlé par un voisin qui disait que l’avenir de la ville appartenait aux jeunes et qu’il fallait que l’on prenne la relève. Je me suis engagé dans le monde associatif depuis 26 ans, il est important que chaque Thorignien puisse donner un peu de temps à la collectivité pour construire la ville du futur. J’ai souhaité mettre mes compétences professionnels issue du monde de l’environnement et des services en aux entreprises au sein de la commune. Je soutiens Manuel DA SILVA car c’est un homme de terrain proche de ses dossiers. Il s’investit pleinement pour la commune et l’agglomération depuis de nombreuses années. Il a su et sait rassembler des femmes et des hommes d’horizon différents pour construire le Thorigny de demain.</p>



<figure class="wp-block-embed is-type-video is-provider-youtube wp-block-embed-youtube wp-embed-aspect-4-3 wp-has-aspect-ratio"><div class="wp-block-embed__wrapper">
<iframe loading="lazy" title="présentation nebo" width="422" height="750" src="https://www.youtube.com/embed/z1N33Zss7M8?feature=oembed" frameborder="0" allow="accelerometer; autoplay; clipboard-write; encrypted-media; gyroscope; picture-in-picture; web-share" referrerpolicy="strict-origin-when-cross-origin" allowfullscreen></iframe>
</div></figure>

<p>Nobejsa Majic Je m’appelle Nebojsa MAJIC, j’ai 54 ans je suis arrivé à Thorigny depuis 1997. J’ai quitté la proche banlieue pour rechercher un endroit paisible pour m’installer avec ma compagne afin de fonder une famille. Thorigny m’a semblé être l’endroit idéal « une ville à la campagne » à 25 minutes de Paris. Un [&hellip;]</p>
