{"id":276,"date":"2026-02-03T07:21:33","date_gmt":"2026-02-03T07:21:33","guid":{"rendered":"https:\/\/ensemble-pour-thorigny.ovh\/?page_id=276"},"modified":"2026-02-05T08:06:02","modified_gmt":"2026-02-05T08:06:02","slug":"noah-dejonckheere","status":"publish","type":"page","link":"https:\/\/ensemble-pour-thorigny.ovh\/index.php\/noah-dejonckheere\/","title":{"rendered":"Noah Dejonckheere"},"content":{"rendered":"\n<p data-wp-context---core-fit-text=\"core\/fit-text::{&quot;fontSize&quot;:&quot;&quot;}\" data-wp-init---core-fit-text=\"core\/fit-text::callbacks.init\" data-wp-interactive data-wp-style--font-size=\"core\/fit-text::context.fontSize\" class=\"has-fit-text\">Noah Dejonckheere<\/p>\n\n\n\n<p>Je m\u2019appelle Noah Dejonckheere, J\u2019ai bient\u00f4t 19 ans, et je suis en formation de manager, ce qui m\u2019apprend \u00e0 travailler en \u00e9quipe, \u00e0 m\u2019organiser et \u00e0 prendre des responsabilit\u00e9s. Je viens \u00e0 thorigny depuis toujours et j\u2019ai officiellement emm\u00e9nag\u00e9 en juin 2025, chez ma grand-m\u00e8re. Si j\u2019ai choisi de m\u2019installer ici, c\u2019est \u00e0 la fois pour le cadre de vie, et la qualit\u00e9 des transports , mais aussi pour la vie locale riche et dynamique, \u00e0 laquelle je participe depuis mon plus jeune \u00e2ge. je m\u2019int\u00e9resse aussi tout particuli\u00e8rement \u00e0 l\u2019engagement citoyens et au service publique. Vous m\u2019avez peut-\u00eatre d\u00e9j\u00e0 vu \u00e0 la mairie comme stagiaire.<\/p>\n\n\n\n<p>Je fais aussi quelques missions b\u00e9n\u00e9voles chaque ann\u00e9es Ce sont des moments d\u2019\u00e9changes et de partages que j\u2019aime beaucoup. Ces exp\u00e9riences ont renforc\u00e9 mon envie de m\u2019investir concr\u00e8tement pour chacun. Aujourd\u2019hui, je souhaite m\u2019engager d\u2019avantage pour notre ville. C\u2019est pourquoi, je soutient Manuel DA SILVA, notre Maire, qui m\u2019a toujours soutenu et encourag\u00e9 dans mes engagement.<\/p>\n\n\n\n<figure class=\"wp-block-embed is-type-video is-provider-youtube wp-block-embed-youtube wp-embed-aspect-16-9 wp-has-aspect-ratio\"><div class=\"wp-block-embed__wrapper\">\n<iframe loading=\"lazy\" title=\"pr\u00e9sentation noah\" width=\"500\" height=\"281\" src=\"https:\/\/www.youtube.com\/embed\/lQAH3VidSwI?feature=oembed\" frameborder=\"0\" allow=\"accelerometer; autoplay; clipboard-write; encrypted-media; gyroscope; picture-in-picture; web-share\" referrerpolicy=\"strict-origin-when-cross-origin\" allowfullscreen><\/iframe>\n<\/div><\/figure>\n","protected":false},"excerpt":{"rendered":"<p>Noah Dejonckheere Je m\u2019appelle Noah Dejonckheere, J\u2019ai bient\u00f4t 19 ans, et je suis en formation de manager, ce qui m\u2019apprend \u00e0 travailler en \u00e9quipe, \u00e0 m\u2019organiser et \u00e0 prendre des responsabilit\u00e9s. Je viens \u00e0 thorigny depuis toujours et j\u2019ai officiellement emm\u00e9nag\u00e9 en juin 2025, chez ma grand-m\u00e8re. Si j\u2019ai choisi de m\u2019installer ici, c\u2019est \u00e0 [&hellip;]<\/p>\n","protected":false},"author":1,"featured_media":0,"parent":0,"menu_order":0,"comment_status":"closed","ping_status":"closed","template":"","meta":{"footnotes":""},"class_list":["post-276","page","type-page","status-publish","hentry"],"_links":{"self":[{"href":"https:\/\/ensemble-pour-thorigny.ovh\/index.php\/wp-json\/wp\/v2\/pages\/276","targetHints":{"allow":["GET"]}}],"collection":[{"href":"https:\/\/ensemble-pour-thorigny.ovh\/index.php\/wp-json\/wp\/v2\/pages"}],"about":[{"href":"https:\/\/ensemble-pour-thorigny.ovh\/index.php\/wp-json\/wp\/v2\/types\/page"}],"author":[{"embeddable":true,"href":"https:\/\/ensemble-pour-thorigny.ovh\/index.php\/wp-json\/wp\/v2\/users\/1"}],"replies":[{"embeddable":true,"href":"https:\/\/ensemble-pour-thorigny.ovh\/index.php\/wp-json\/wp\/v2\/comments?post=276"}],"version-history":[{"count":2,"href":"https:\/\/ensemble-pour-thorigny.ovh\/index.php\/wp-json\/wp\/v2\/pages\/276\/revisions"}],"predecessor-version":[{"id":337,"href":"https:\/\/ensemble-pour-thorigny.ovh\/index.php\/wp-json\/wp\/v2\/pages\/276\/revisions\/337"}],"wp:attachment":[{"href":"https:\/\/ensemble-pour-thorigny.ovh\/index.php\/wp-json\/wp\/v2\/media?parent=276"}],"curies":[{"name":"wp","href":"https:\/\/api.w.org\/{rel}","templated":true}]}}

<p data-wp-context---core-fit-text="core/fit-text::{&quot;fontSize&quot;:&quot;&quot;}" data-wp-init---core-fit-text="core/fit-text::callbacks.init" data-wp-interactive data-wp-style--font-size="core/fit-text::context.fontSize" class="has-fit-text">Noah Dejonckheere</p>



<p>Je m’appelle Noah Dejonckheere, J’ai bientôt 19 ans, et je suis en formation de manager, ce qui m’apprend à travailler en équipe, à m’organiser et à prendre des responsabilités. Je viens à thorigny depuis toujours et j’ai officiellement emménagé en juin 2025, chez ma grand-mère. Si j’ai choisi de m’installer ici, c’est à la fois pour le cadre de vie, et la qualité des transports , mais aussi pour la vie locale riche et dynamique, à laquelle je participe depuis mon plus jeune âge. je m’intéresse aussi tout particulièrement à l’engagement citoyens et au service publique. Vous m’avez peut-être déjà vu à la mairie comme stagiaire.</p>



<p>Je fais aussi quelques missions bénévoles chaque années Ce sont des moments d’échanges et de partages que j’aime beaucoup. Ces expériences ont renforcé mon envie de m’investir concrètement pour chacun. Aujourd’hui, je souhaite m’engager d’avantage pour notre ville. C’est pourquoi, je soutient Manuel DA SILVA, notre Maire, qui m’a toujours soutenu et encouragé dans mes engagement.</p>



<figure class="wp-block-embed is-type-video is-provider-youtube wp-block-embed-youtube wp-embed-aspect-16-9 wp-has-aspect-ratio"><div class="wp-block-embed__wrapper">
<iframe loading="lazy" title="présentation noah" width="500" height="281" src="https://www.youtube.com/embed/lQAH3VidSwI?feature=oembed" frameborder="0" allow="accelerometer; autoplay; clipboard-write; encrypted-media; gyroscope; picture-in-picture; web-share" referrerpolicy="strict-origin-when-cross-origin" allowfullscreen></iframe>
</div></figure>

<p>Noah Dejonckheere Je m’appelle Noah Dejonckheere, J’ai bientôt 19 ans, et je suis en formation de manager, ce qui m’apprend à travailler en équipe, à m’organiser et à prendre des responsabilités. Je viens à thorigny depuis toujours et j’ai officiellement emménagé en juin 2025, chez ma grand-mère. Si j’ai choisi de m’installer ici, c’est à [&hellip;]</p>
