{"id":302,"date":"2026-02-03T07:29:04","date_gmt":"2026-02-03T07:29:04","guid":{"rendered":"https:\/\/ensemble-pour-thorigny.ovh\/?page_id=302"},"modified":"2026-02-12T06:52:10","modified_gmt":"2026-02-12T06:52:10","slug":"jean-paul-zita","status":"publish","type":"page","link":"https:\/\/ensemble-pour-thorigny.ovh\/index.php\/jean-paul-zita\/","title":{"rendered":"Jean-Paul Zita"},"content":{"rendered":"\n<p data-wp-context---core-fit-text=\"core\/fit-text::{&quot;fontSize&quot;:&quot;&quot;}\" data-wp-init---core-fit-text=\"core\/fit-text::callbacks.init\" data-wp-interactive data-wp-style--font-size=\"core\/fit-text::context.fontSize\" class=\"has-fit-text\">Jean-Paul Zita<\/p>\n\n\n\n<p>Bonjour, Je m\u2019appelle Jean-Paul ZITA, J\u2019ai 66 ans, J\u2019habite et je vis \u00e0 Thorigny depuis 1980 Je travaillais dans la commune voisine. Naturellement, l\u2019opportunit\u00e9 de r\u00e9sider \u00e0 Thorigny m\u2019a \u00e9t\u00e9 offerte. Je n\u2019ai pas h\u00e9sit\u00e9 un instant car j\u2019ai \u00e9t\u00e9 encourag\u00e9 par des relations amicales de l\u2019\u00e9poque Ce que j\u2019aime c\u2019est le bien-vivre ensemble, avoir acc\u00e8s \u00e0 tout en un \u00bc d\u2019heure\u2026 Mes enfants ont suivi leurs scolarit\u00e9s \u00e0 Thorigny. Aujourd\u2019hui, ils sont cadre dans leurs entreprises respectives. J\u2019ai \u00e9t\u00e9 sportif de niveau national durant 16 ans. J\u2019ai cr\u00e9\u00e9 un club de sport qui fonctionne tr\u00e8s bien depuis 1996. J\u2019ai organis\u00e9 des \u00e9v\u00e9nements sportifs sur le secteur pour rassembler des habitants dans un cadre convivial. Je soutiens Manuel Da Silva et la liste Ensemble pour Thorigny\u2026.Avec lui, nous avons su d\u00e9livrer la dynamique associative depuis 2020. Les associations se portent mieux, rayonnent sur le territoire sans outre mesure. Les supports de pratique bien m\u00e9rit\u00e9s pour les jeunes sont en hausse dans notre ville. Notre objectif, augmenter cette capacit\u00e9 \u00e0 faire dialoguer les femmes et des hommes pour que la vie \u00e0 Thorigny soit une belle aventure humaine.<\/p>\n\n\n\n<figure class=\"wp-block-embed is-type-video is-provider-youtube wp-block-embed-youtube wp-embed-aspect-9-16 wp-has-aspect-ratio\"><div class=\"wp-block-embed__wrapper\">\n<iframe loading=\"lazy\" title=\"pr\u00e9sentation jean paul zita\" width=\"422\" height=\"750\" src=\"https:\/\/www.youtube.com\/embed\/nTWIJ9LcwMc?feature=oembed\" frameborder=\"0\" allow=\"accelerometer; autoplay; clipboard-write; encrypted-media; gyroscope; picture-in-picture; web-share\" referrerpolicy=\"strict-origin-when-cross-origin\" allowfullscreen><\/iframe>\n<\/div><\/figure>\n","protected":false},"excerpt":{"rendered":"<p>Jean-Paul Zita Bonjour, Je m\u2019appelle Jean-Paul ZITA, J\u2019ai 66 ans, J\u2019habite et je vis \u00e0 Thorigny depuis 1980 Je travaillais dans la commune voisine. Naturellement, l\u2019opportunit\u00e9 de r\u00e9sider \u00e0 Thorigny m\u2019a \u00e9t\u00e9 offerte. Je n\u2019ai pas h\u00e9sit\u00e9 un instant car j\u2019ai \u00e9t\u00e9 encourag\u00e9 par des relations amicales de l\u2019\u00e9poque Ce que j\u2019aime c\u2019est le bien-vivre [&hellip;]<\/p>\n","protected":false},"author":1,"featured_media":0,"parent":0,"menu_order":0,"comment_status":"closed","ping_status":"closed","template":"","meta":{"footnotes":""},"class_list":["post-302","page","type-page","status-publish","hentry"],"_links":{"self":[{"href":"https:\/\/ensemble-pour-thorigny.ovh\/index.php\/wp-json\/wp\/v2\/pages\/302","targetHints":{"allow":["GET"]}}],"collection":[{"href":"https:\/\/ensemble-pour-thorigny.ovh\/index.php\/wp-json\/wp\/v2\/pages"}],"about":[{"href":"https:\/\/ensemble-pour-thorigny.ovh\/index.php\/wp-json\/wp\/v2\/types\/page"}],"author":[{"embeddable":true,"href":"https:\/\/ensemble-pour-thorigny.ovh\/index.php\/wp-json\/wp\/v2\/users\/1"}],"replies":[{"embeddable":true,"href":"https:\/\/ensemble-pour-thorigny.ovh\/index.php\/wp-json\/wp\/v2\/comments?post=302"}],"version-history":[{"count":2,"href":"https:\/\/ensemble-pour-thorigny.ovh\/index.php\/wp-json\/wp\/v2\/pages\/302\/revisions"}],"predecessor-version":[{"id":369,"href":"https:\/\/ensemble-pour-thorigny.ovh\/index.php\/wp-json\/wp\/v2\/pages\/302\/revisions\/369"}],"wp:attachment":[{"href":"https:\/\/ensemble-pour-thorigny.ovh\/index.php\/wp-json\/wp\/v2\/media?parent=302"}],"curies":[{"name":"wp","href":"https:\/\/api.w.org\/{rel}","templated":true}]}}

<p data-wp-context---core-fit-text="core/fit-text::{&quot;fontSize&quot;:&quot;&quot;}" data-wp-init---core-fit-text="core/fit-text::callbacks.init" data-wp-interactive data-wp-style--font-size="core/fit-text::context.fontSize" class="has-fit-text">Jean-Paul Zita</p>



<p>Bonjour, Je m’appelle Jean-Paul ZITA, J’ai 66 ans, J’habite et je vis à Thorigny depuis 1980 Je travaillais dans la commune voisine. Naturellement, l’opportunité de résider à Thorigny m’a été offerte. Je n’ai pas hésité un instant car j’ai été encouragé par des relations amicales de l’époque Ce que j’aime c’est le bien-vivre ensemble, avoir accès à tout en un ¼ d’heure… Mes enfants ont suivi leurs scolarités à Thorigny. Aujourd’hui, ils sont cadre dans leurs entreprises respectives. J’ai été sportif de niveau national durant 16 ans. J’ai créé un club de sport qui fonctionne très bien depuis 1996. J’ai organisé des événements sportifs sur le secteur pour rassembler des habitants dans un cadre convivial. Je soutiens Manuel Da Silva et la liste Ensemble pour Thorigny….Avec lui, nous avons su délivrer la dynamique associative depuis 2020. Les associations se portent mieux, rayonnent sur le territoire sans outre mesure. Les supports de pratique bien mérités pour les jeunes sont en hausse dans notre ville. Notre objectif, augmenter cette capacité à faire dialoguer les femmes et des hommes pour que la vie à Thorigny soit une belle aventure humaine.</p>



<figure class="wp-block-embed is-type-video is-provider-youtube wp-block-embed-youtube wp-embed-aspect-9-16 wp-has-aspect-ratio"><div class="wp-block-embed__wrapper">
<iframe loading="lazy" title="présentation jean paul zita" width="422" height="750" src="https://www.youtube.com/embed/nTWIJ9LcwMc?feature=oembed" frameborder="0" allow="accelerometer; autoplay; clipboard-write; encrypted-media; gyroscope; picture-in-picture; web-share" referrerpolicy="strict-origin-when-cross-origin" allowfullscreen></iframe>
</div></figure>

<p>Jean-Paul Zita Bonjour, Je m’appelle Jean-Paul ZITA, J’ai 66 ans, J’habite et je vis à Thorigny depuis 1980 Je travaillais dans la commune voisine. Naturellement, l’opportunité de résider à Thorigny m’a été offerte. Je n’ai pas hésité un instant car j’ai été encouragé par des relations amicales de l’époque Ce que j’aime c’est le bien-vivre [&hellip;]</p>
