{"id":308,"date":"2026-02-03T07:56:02","date_gmt":"2026-02-03T07:56:02","guid":{"rendered":"https:\/\/ensemble-pour-thorigny.ovh\/?page_id=308"},"modified":"2026-02-11T13:35:07","modified_gmt":"2026-02-11T13:35:07","slug":"serge-sakaloff","status":"publish","type":"page","link":"https:\/\/ensemble-pour-thorigny.ovh\/index.php\/serge-sakaloff\/","title":{"rendered":"Serge Sakaloff"},"content":{"rendered":"\n<p data-wp-context---core-fit-text=\"core\/fit-text::{&quot;fontSize&quot;:&quot;&quot;}\" data-wp-init---core-fit-text=\"core\/fit-text::callbacks.init\" data-wp-interactive data-wp-style--font-size=\"core\/fit-text::context.fontSize\" class=\"has-fit-text\">Serge Sakaloff<\/p>\n\n\n\n<p>Je m&rsquo;appelle SAKALOFF Serge, j\u2019ai 64 ans, je suis \u00e0 Thorigny depuis 1988. je suis Inspecteur des finances publiques, \u00e9lu depuis 2001, j\u2019ai actuellement en charge les finances et le bien-\u00eatre du personnel communal. Mon parcours m&rsquo;a permis de d\u00e9velopper des comp\u00e9tences solides en mati\u00e8re de finances mais \u00e9galement dans le domaine associatif (ancien pr\u00e9sident de club et membre de l\u2019AJT Cyclo) Si je me pr\u00e9sente aux \u00e9lections municipales de THORIGNY sur Marne c\u2019est pour continuer \u00e0 porter un projet ambitieux et concret au service de tous les habitants. Je crois en ThORIGNY sur Marne et en son potentiel. Continuer \u00e0 faire de Thorigny une ville verte Continuer \u00e0 faire de Thorigny la ville de service public et de faire b\u00e9n\u00e9ficier notre commune du d\u00e9veloppement de l\u2019est-francilien, tels sont les projets qui sont concrets, r\u00e9alisables et b\u00e9n\u00e9fiques pour tous. Avec notre Maire Manuel Da Silva et l\u2019\u00e9quipe de femmes et d\u2019hommes de comp\u00e9tences vari\u00e9es qui l\u2019entourent, je m&rsquo;engage \u00e0 \u00eatre \u00e0 l&rsquo;\u00e9coute de tous les habitants, \u00e0 travailler sans rel\u00e2che pour notre commune et \u00e0 \u00eatre disponible pour chacun d&rsquo;entre vous.<\/p>\n\n\n\n<figure class=\"wp-block-embed is-type-video is-provider-youtube wp-block-embed-youtube wp-embed-aspect-9-16 wp-has-aspect-ratio\"><div class=\"wp-block-embed__wrapper\">\n<iframe loading=\"lazy\" title=\"pr\u00e9sentation serge\" width=\"422\" height=\"750\" src=\"https:\/\/www.youtube.com\/embed\/fB56guJdnr8?feature=oembed\" frameborder=\"0\" allow=\"accelerometer; autoplay; clipboard-write; encrypted-media; gyroscope; picture-in-picture; web-share\" referrerpolicy=\"strict-origin-when-cross-origin\" allowfullscreen><\/iframe>\n<\/div><\/figure>\n","protected":false},"excerpt":{"rendered":"<p>Serge Sakaloff Je m&rsquo;appelle SAKALOFF Serge, j\u2019ai 64 ans, je suis \u00e0 Thorigny depuis 1988. je suis Inspecteur des finances publiques, \u00e9lu depuis 2001, j\u2019ai actuellement en charge les finances et le bien-\u00eatre du personnel communal. Mon parcours m&rsquo;a permis de d\u00e9velopper des comp\u00e9tences solides en mati\u00e8re de finances mais \u00e9galement dans le domaine associatif [&hellip;]<\/p>\n","protected":false},"author":1,"featured_media":0,"parent":0,"menu_order":0,"comment_status":"closed","ping_status":"closed","template":"","meta":{"footnotes":""},"class_list":["post-308","page","type-page","status-publish","hentry"],"_links":{"self":[{"href":"https:\/\/ensemble-pour-thorigny.ovh\/index.php\/wp-json\/wp\/v2\/pages\/308","targetHints":{"allow":["GET"]}}],"collection":[{"href":"https:\/\/ensemble-pour-thorigny.ovh\/index.php\/wp-json\/wp\/v2\/pages"}],"about":[{"href":"https:\/\/ensemble-pour-thorigny.ovh\/index.php\/wp-json\/wp\/v2\/types\/page"}],"author":[{"embeddable":true,"href":"https:\/\/ensemble-pour-thorigny.ovh\/index.php\/wp-json\/wp\/v2\/users\/1"}],"replies":[{"embeddable":true,"href":"https:\/\/ensemble-pour-thorigny.ovh\/index.php\/wp-json\/wp\/v2\/comments?post=308"}],"version-history":[{"count":2,"href":"https:\/\/ensemble-pour-thorigny.ovh\/index.php\/wp-json\/wp\/v2\/pages\/308\/revisions"}],"predecessor-version":[{"id":361,"href":"https:\/\/ensemble-pour-thorigny.ovh\/index.php\/wp-json\/wp\/v2\/pages\/308\/revisions\/361"}],"wp:attachment":[{"href":"https:\/\/ensemble-pour-thorigny.ovh\/index.php\/wp-json\/wp\/v2\/media?parent=308"}],"curies":[{"name":"wp","href":"https:\/\/api.w.org\/{rel}","templated":true}]}}

<p data-wp-context---core-fit-text="core/fit-text::{&quot;fontSize&quot;:&quot;&quot;}" data-wp-init---core-fit-text="core/fit-text::callbacks.init" data-wp-interactive data-wp-style--font-size="core/fit-text::context.fontSize" class="has-fit-text">Serge Sakaloff</p>



<p>Je m&rsquo;appelle SAKALOFF Serge, j’ai 64 ans, je suis à Thorigny depuis 1988. je suis Inspecteur des finances publiques, élu depuis 2001, j’ai actuellement en charge les finances et le bien-être du personnel communal. Mon parcours m&rsquo;a permis de développer des compétences solides en matière de finances mais également dans le domaine associatif (ancien président de club et membre de l’AJT Cyclo) Si je me présente aux élections municipales de THORIGNY sur Marne c’est pour continuer à porter un projet ambitieux et concret au service de tous les habitants. Je crois en ThORIGNY sur Marne et en son potentiel. Continuer à faire de Thorigny une ville verte Continuer à faire de Thorigny la ville de service public et de faire bénéficier notre commune du développement de l’est-francilien, tels sont les projets qui sont concrets, réalisables et bénéfiques pour tous. Avec notre Maire Manuel Da Silva et l’équipe de femmes et d’hommes de compétences variées qui l’entourent, je m&rsquo;engage à être à l&rsquo;écoute de tous les habitants, à travailler sans relâche pour notre commune et à être disponible pour chacun d&rsquo;entre vous.</p>



<figure class="wp-block-embed is-type-video is-provider-youtube wp-block-embed-youtube wp-embed-aspect-9-16 wp-has-aspect-ratio"><div class="wp-block-embed__wrapper">
<iframe loading="lazy" title="présentation serge" width="422" height="750" src="https://www.youtube.com/embed/fB56guJdnr8?feature=oembed" frameborder="0" allow="accelerometer; autoplay; clipboard-write; encrypted-media; gyroscope; picture-in-picture; web-share" referrerpolicy="strict-origin-when-cross-origin" allowfullscreen></iframe>
</div></figure>

<p>Serge Sakaloff Je m&rsquo;appelle SAKALOFF Serge, j’ai 64 ans, je suis à Thorigny depuis 1988. je suis Inspecteur des finances publiques, élu depuis 2001, j’ai actuellement en charge les finances et le bien-être du personnel communal. Mon parcours m&rsquo;a permis de développer des compétences solides en matière de finances mais également dans le domaine associatif [&hellip;]</p>
