{"id":313,"date":"2026-02-03T07:57:34","date_gmt":"2026-02-03T07:57:34","guid":{"rendered":"https:\/\/ensemble-pour-thorigny.ovh\/?page_id=313"},"modified":"2026-02-11T13:36:23","modified_gmt":"2026-02-11T13:36:23","slug":"florine-greuzat","status":"publish","type":"page","link":"https:\/\/ensemble-pour-thorigny.ovh\/index.php\/florine-greuzat\/","title":{"rendered":"Florine Greuzat"},"content":{"rendered":"\n<p data-wp-context---core-fit-text=\"core\/fit-text::{&quot;fontSize&quot;:&quot;&quot;}\" data-wp-init---core-fit-text=\"core\/fit-text::callbacks.init\" data-wp-interactive data-wp-style--font-size=\"core\/fit-text::context.fontSize\" class=\"has-fit-text\">Florine Greuzat<\/p>\n\n\n\n<p>Je m\u2019appelle Florine Greuzat, j\u2019ai 23 ans, et j\u2019ai la chance d\u2019avoir toujours v\u00e9cu ici, \u00e0 Thorigny-sur-Marne. C\u2019est la ville o\u00f9 j\u2019ai grandi, et surtout celle que je vois \u00e9voluer et s\u2019adapter chaque jour aux d\u00e9fis de demain. Je suis profond\u00e9ment attach\u00e9e \u00e0 l\u2019\u00e9quilibre entre un cadre de vie pr\u00e9serv\u00e9 et la proximit\u00e9 de Paris. Thorigny est une ville \u00e0 taille humaine, avec des services et des lieux de vie accessibles au quotidien. C\u2019est cette identit\u00e9 que je souhaite pr\u00e9server et renforcer, pour que notre ville reste attractive et accueillante pour toutes les g\u00e9n\u00e9rations. Jeune dipl\u00f4m\u00e9e, je suis juriste en droit des affaires. Un m\u00e9tier qui m\u2019a appris la rigueur et le sens des responsabilit\u00e9s. Au quotidien, la transparence, la fiabilit\u00e9 des d\u00e9cisions et l\u2019\u00e9thique sont essentielles. Ce sont des valeurs que je souhaite mettre au service de l\u2019action locale, pour que les projets municipaux soient clairs, compr\u00e9hensibles et accessibles pour tous les habitants. Si je soutiens Manuel Da Silva et la liste Ensemble pour Thorigny, c\u2019est pour cette force du collectif. Manuel sait \u00e9couter et rassembler des profils et des parcours diff\u00e9rents autour de solutions concr\u00e8tes dans l\u2019int\u00e9r\u00eat de la commune. Ce qui nous unit, c\u2019est une envie sinc\u00e8re d\u2019agir pour notre ville, parce qu\u2019on y vit, qu\u2019on l\u2019aime\u2026<\/p>\n\n\n\n<figure class=\"wp-block-embed is-type-video is-provider-youtube wp-block-embed-youtube wp-embed-aspect-16-9 wp-has-aspect-ratio\"><div class=\"wp-block-embed__wrapper\">\n<iframe loading=\"lazy\" title=\"pr\u00e9sentation florine\" width=\"500\" height=\"281\" src=\"https:\/\/www.youtube.com\/embed\/DXJFJLukBYc?feature=oembed\" frameborder=\"0\" allow=\"accelerometer; autoplay; clipboard-write; encrypted-media; gyroscope; picture-in-picture; web-share\" referrerpolicy=\"strict-origin-when-cross-origin\" allowfullscreen><\/iframe>\n<\/div><\/figure>\n","protected":false},"excerpt":{"rendered":"<p>Florine Greuzat Je m\u2019appelle Florine Greuzat, j\u2019ai 23 ans, et j\u2019ai la chance d\u2019avoir toujours v\u00e9cu ici, \u00e0 Thorigny-sur-Marne. C\u2019est la ville o\u00f9 j\u2019ai grandi, et surtout celle que je vois \u00e9voluer et s\u2019adapter chaque jour aux d\u00e9fis de demain. Je suis profond\u00e9ment attach\u00e9e \u00e0 l\u2019\u00e9quilibre entre un cadre de vie pr\u00e9serv\u00e9 et la proximit\u00e9 [&hellip;]<\/p>\n","protected":false},"author":1,"featured_media":0,"parent":0,"menu_order":0,"comment_status":"closed","ping_status":"closed","template":"","meta":{"footnotes":""},"class_list":["post-313","page","type-page","status-publish","hentry"],"_links":{"self":[{"href":"https:\/\/ensemble-pour-thorigny.ovh\/index.php\/wp-json\/wp\/v2\/pages\/313","targetHints":{"allow":["GET"]}}],"collection":[{"href":"https:\/\/ensemble-pour-thorigny.ovh\/index.php\/wp-json\/wp\/v2\/pages"}],"about":[{"href":"https:\/\/ensemble-pour-thorigny.ovh\/index.php\/wp-json\/wp\/v2\/types\/page"}],"author":[{"embeddable":true,"href":"https:\/\/ensemble-pour-thorigny.ovh\/index.php\/wp-json\/wp\/v2\/users\/1"}],"replies":[{"embeddable":true,"href":"https:\/\/ensemble-pour-thorigny.ovh\/index.php\/wp-json\/wp\/v2\/comments?post=313"}],"version-history":[{"count":2,"href":"https:\/\/ensemble-pour-thorigny.ovh\/index.php\/wp-json\/wp\/v2\/pages\/313\/revisions"}],"predecessor-version":[{"id":362,"href":"https:\/\/ensemble-pour-thorigny.ovh\/index.php\/wp-json\/wp\/v2\/pages\/313\/revisions\/362"}],"wp:attachment":[{"href":"https:\/\/ensemble-pour-thorigny.ovh\/index.php\/wp-json\/wp\/v2\/media?parent=313"}],"curies":[{"name":"wp","href":"https:\/\/api.w.org\/{rel}","templated":true}]}}

<p data-wp-context---core-fit-text="core/fit-text::{&quot;fontSize&quot;:&quot;&quot;}" data-wp-init---core-fit-text="core/fit-text::callbacks.init" data-wp-interactive data-wp-style--font-size="core/fit-text::context.fontSize" class="has-fit-text">Florine Greuzat</p>



<p>Je m’appelle Florine Greuzat, j’ai 23 ans, et j’ai la chance d’avoir toujours vécu ici, à Thorigny-sur-Marne. C’est la ville où j’ai grandi, et surtout celle que je vois évoluer et s’adapter chaque jour aux défis de demain. Je suis profondément attachée à l’équilibre entre un cadre de vie préservé et la proximité de Paris. Thorigny est une ville à taille humaine, avec des services et des lieux de vie accessibles au quotidien. C’est cette identité que je souhaite préserver et renforcer, pour que notre ville reste attractive et accueillante pour toutes les générations. Jeune diplômée, je suis juriste en droit des affaires. Un métier qui m’a appris la rigueur et le sens des responsabilités. Au quotidien, la transparence, la fiabilité des décisions et l’éthique sont essentielles. Ce sont des valeurs que je souhaite mettre au service de l’action locale, pour que les projets municipaux soient clairs, compréhensibles et accessibles pour tous les habitants. Si je soutiens Manuel Da Silva et la liste Ensemble pour Thorigny, c’est pour cette force du collectif. Manuel sait écouter et rassembler des profils et des parcours différents autour de solutions concrètes dans l’intérêt de la commune. Ce qui nous unit, c’est une envie sincère d’agir pour notre ville, parce qu’on y vit, qu’on l’aime…</p>



<figure class="wp-block-embed is-type-video is-provider-youtube wp-block-embed-youtube wp-embed-aspect-16-9 wp-has-aspect-ratio"><div class="wp-block-embed__wrapper">
<iframe loading="lazy" title="présentation florine" width="500" height="281" src="https://www.youtube.com/embed/DXJFJLukBYc?feature=oembed" frameborder="0" allow="accelerometer; autoplay; clipboard-write; encrypted-media; gyroscope; picture-in-picture; web-share" referrerpolicy="strict-origin-when-cross-origin" allowfullscreen></iframe>
</div></figure>

<p>Florine Greuzat Je m’appelle Florine Greuzat, j’ai 23 ans, et j’ai la chance d’avoir toujours vécu ici, à Thorigny-sur-Marne. C’est la ville où j’ai grandi, et surtout celle que je vois évoluer et s’adapter chaque jour aux défis de demain. Je suis profondément attachée à l’équilibre entre un cadre de vie préservé et la proximité [&hellip;]</p>
