{"id":318,"date":"2026-02-03T07:59:46","date_gmt":"2026-02-03T07:59:46","guid":{"rendered":"https:\/\/ensemble-pour-thorigny.ovh\/?page_id=318"},"modified":"2026-02-03T07:59:46","modified_gmt":"2026-02-03T07:59:46","slug":"laurent-dumont","status":"publish","type":"page","link":"https:\/\/ensemble-pour-thorigny.ovh\/index.php\/laurent-dumont\/","title":{"rendered":"Laurent Dumont"},"content":{"rendered":"\n<p data-wp-context---core-fit-text=\"core\/fit-text::{&quot;fontSize&quot;:&quot;&quot;}\" data-wp-init---core-fit-text=\"core\/fit-text::callbacks.init\" data-wp-interactive data-wp-style--font-size=\"core\/fit-text::context.fontSize\" class=\"has-fit-text\">Laurent Dumont<\/p>\n\n\n\n<p>Je m\u2019appelle Laurent Dumont, j\u2019ai 69 ans, je suis p\u00e8re de quatre enfants et j\u2019habite \u00e0 Thorigny depuis 26 ans. Je suis retrait\u00e9 de la SNCF et tr\u00e8s attach\u00e9 \u00e0 ma ville. Lors des derni\u00e8res \u00e9lections, j\u2019ai \u00e9t\u00e9 \u00e9lu sur la liste de Manuel Da Silva. Je l\u2019avais rejoint parce qu\u2019il portait une vraie volont\u00e9 de reconstruire Thorigny et de la dynamiser. Pendant six ans, il a tenu parole, avec du travail, de l\u2019\u00e9coute et des r\u00e9sultats concrets. Beaucoup d\u2019entre vous me connaissent surtout pour mon engagement dans le sport. Depuis plus de vingt ans, je suis pr\u00e9sent au bord des terrains de football, pour accueillir les enfants de Thorigny, qu\u2019il pleuve, qu\u2019il neige ou qu\u2019il vente \u00catre pr\u00e9sent pour les jeunes, pour les familles, cr\u00e9er du lien, transmettre des valeurs, c\u2019est quelque chose qui me tient profond\u00e9ment \u00e0 c\u0153ur. Aujourd\u2019hui, j\u2019ai choisi de renouveler ma confiance \u00e0 Manuel Da Silva. Parce que je crois en lui, parce que je respecte le travail accompli, et parce qu\u2019en six ans, il a su rassembler une \u00e9quipe soud\u00e9e, motiv\u00e9e et engag\u00e9e. Une \u00e9quipe qui partage une ambition simple et forte : faire de Thorigny une ville dynamique, solidaire et o\u00f9 il fait bon vivre.<\/p>\n","protected":false},"excerpt":{"rendered":"<p>Laurent Dumont Je m\u2019appelle Laurent Dumont, j\u2019ai 69 ans, je suis p\u00e8re de quatre enfants et j\u2019habite \u00e0 Thorigny depuis 26 ans. Je suis retrait\u00e9 de la SNCF et tr\u00e8s attach\u00e9 \u00e0 ma ville. Lors des derni\u00e8res \u00e9lections, j\u2019ai \u00e9t\u00e9 \u00e9lu sur la liste de Manuel Da Silva. Je l\u2019avais rejoint parce qu\u2019il portait une [&hellip;]<\/p>\n","protected":false},"author":1,"featured_media":0,"parent":0,"menu_order":0,"comment_status":"closed","ping_status":"closed","template":"","meta":{"footnotes":""},"class_list":["post-318","page","type-page","status-publish","hentry"],"_links":{"self":[{"href":"https:\/\/ensemble-pour-thorigny.ovh\/index.php\/wp-json\/wp\/v2\/pages\/318","targetHints":{"allow":["GET"]}}],"collection":[{"href":"https:\/\/ensemble-pour-thorigny.ovh\/index.php\/wp-json\/wp\/v2\/pages"}],"about":[{"href":"https:\/\/ensemble-pour-thorigny.ovh\/index.php\/wp-json\/wp\/v2\/types\/page"}],"author":[{"embeddable":true,"href":"https:\/\/ensemble-pour-thorigny.ovh\/index.php\/wp-json\/wp\/v2\/users\/1"}],"replies":[{"embeddable":true,"href":"https:\/\/ensemble-pour-thorigny.ovh\/index.php\/wp-json\/wp\/v2\/comments?post=318"}],"version-history":[{"count":1,"href":"https:\/\/ensemble-pour-thorigny.ovh\/index.php\/wp-json\/wp\/v2\/pages\/318\/revisions"}],"predecessor-version":[{"id":319,"href":"https:\/\/ensemble-pour-thorigny.ovh\/index.php\/wp-json\/wp\/v2\/pages\/318\/revisions\/319"}],"wp:attachment":[{"href":"https:\/\/ensemble-pour-thorigny.ovh\/index.php\/wp-json\/wp\/v2\/media?parent=318"}],"curies":[{"name":"wp","href":"https:\/\/api.w.org\/{rel}","templated":true}]}}