{"id":327,"date":"2026-02-03T08:03:16","date_gmt":"2026-02-03T08:03:16","guid":{"rendered":"https:\/\/ensemble-pour-thorigny.ovh\/?page_id=327"},"modified":"2026-02-11T13:38:04","modified_gmt":"2026-02-11T13:38:04","slug":"antoine-parodi","status":"publish","type":"page","link":"https:\/\/ensemble-pour-thorigny.ovh\/index.php\/antoine-parodi\/","title":{"rendered":"Antoine Parodi"},"content":{"rendered":"\n<p data-wp-context---core-fit-text=\"core\/fit-text::{&quot;fontSize&quot;:&quot;&quot;}\" data-wp-init---core-fit-text=\"core\/fit-text::callbacks.init\" data-wp-interactive data-wp-style--font-size=\"core\/fit-text::context.fontSize\" class=\"has-fit-text\">Antoine Parodi<\/p>\n\n\n\n<p>Je m\u2019appelle Antoine Parodi, 44 ans. J\u2019ai un fils qui a 18 ans. Je vis \u00e0 Thorigny depuis plus de quinze ans. Je suis venu d\u2019abord ici parce que j\u2019ai travaill\u00e9 pour la commune entre 2010 et 2015, puis je suis rest\u00e9. Avant tout parce que la localisation est pratique et qu\u2019on a tout \u00e0 port\u00e9e de main, et un acc\u00e8s facile \u00e0 Paris. Je suis dipl\u00f4m\u00e9 de sciences politiques \u00e0 la Sorbonne et cela fait vingt cinq ans que je travaille et agis dans l\u2019action publique et les politiques publiques. J\u2019en connais tous les aspects : militants, le mandat \u00e9lectif local et les m\u00e9tiers de collaborateur d\u2019\u00e9lu ou de dirigeant. J\u2019ai la particularit\u00e9 d\u2019avoir travaill\u00e9 avec Manuel Da Silva et pour l\u2019\u00e9quipe sortante durant ces six derni\u00e8res ann\u00e9es en tant que directeur de cabinet. Aujourd\u2019hui, j\u2019ai envie d\u2019agir \u00e0 Thorigny par le biais du mandat local pour mettre mon exp\u00e9rience au service de notre ville. Je soutiens Manuel Da Silva parce qu\u2019il a une qualit\u00e9 rare : il n\u2019a pas d\u2019autre pr\u00e9occupation que celle de sa ville. Il n\u2019a pas de vis\u00e9e carri\u00e9riste ou de volont\u00e9 de cumul des mandats. Et plut\u00f4t que les paillettes pour faire illusion, il pr\u00e9f\u00e8re le concret et les r\u00e9sultats.<\/p>\n\n\n\n<figure class=\"wp-block-embed is-type-video is-provider-youtube wp-block-embed-youtube wp-embed-aspect-9-16 wp-has-aspect-ratio\"><div class=\"wp-block-embed__wrapper\">\n<iframe loading=\"lazy\" title=\"pr\u00e9sentation antoine\" width=\"422\" height=\"750\" src=\"https:\/\/www.youtube.com\/embed\/28eD84QqHNs?feature=oembed\" frameborder=\"0\" allow=\"accelerometer; autoplay; clipboard-write; encrypted-media; gyroscope; picture-in-picture; web-share\" referrerpolicy=\"strict-origin-when-cross-origin\" allowfullscreen><\/iframe>\n<\/div><\/figure>\n","protected":false},"excerpt":{"rendered":"<p>Antoine Parodi Je m\u2019appelle Antoine Parodi, 44 ans. J\u2019ai un fils qui a 18 ans. Je vis \u00e0 Thorigny depuis plus de quinze ans. Je suis venu d\u2019abord ici parce que j\u2019ai travaill\u00e9 pour la commune entre 2010 et 2015, puis je suis rest\u00e9. Avant tout parce que la localisation est pratique et qu\u2019on a [&hellip;]<\/p>\n","protected":false},"author":1,"featured_media":0,"parent":0,"menu_order":0,"comment_status":"closed","ping_status":"closed","template":"","meta":{"footnotes":""},"class_list":["post-327","page","type-page","status-publish","hentry"],"_links":{"self":[{"href":"https:\/\/ensemble-pour-thorigny.ovh\/index.php\/wp-json\/wp\/v2\/pages\/327","targetHints":{"allow":["GET"]}}],"collection":[{"href":"https:\/\/ensemble-pour-thorigny.ovh\/index.php\/wp-json\/wp\/v2\/pages"}],"about":[{"href":"https:\/\/ensemble-pour-thorigny.ovh\/index.php\/wp-json\/wp\/v2\/types\/page"}],"author":[{"embeddable":true,"href":"https:\/\/ensemble-pour-thorigny.ovh\/index.php\/wp-json\/wp\/v2\/users\/1"}],"replies":[{"embeddable":true,"href":"https:\/\/ensemble-pour-thorigny.ovh\/index.php\/wp-json\/wp\/v2\/comments?post=327"}],"version-history":[{"count":2,"href":"https:\/\/ensemble-pour-thorigny.ovh\/index.php\/wp-json\/wp\/v2\/pages\/327\/revisions"}],"predecessor-version":[{"id":363,"href":"https:\/\/ensemble-pour-thorigny.ovh\/index.php\/wp-json\/wp\/v2\/pages\/327\/revisions\/363"}],"wp:attachment":[{"href":"https:\/\/ensemble-pour-thorigny.ovh\/index.php\/wp-json\/wp\/v2\/media?parent=327"}],"curies":[{"name":"wp","href":"https:\/\/api.w.org\/{rel}","templated":true}]}}

<p data-wp-context---core-fit-text="core/fit-text::{&quot;fontSize&quot;:&quot;&quot;}" data-wp-init---core-fit-text="core/fit-text::callbacks.init" data-wp-interactive data-wp-style--font-size="core/fit-text::context.fontSize" class="has-fit-text">Antoine Parodi</p>



<p>Je m’appelle Antoine Parodi, 44 ans. J’ai un fils qui a 18 ans. Je vis à Thorigny depuis plus de quinze ans. Je suis venu d’abord ici parce que j’ai travaillé pour la commune entre 2010 et 2015, puis je suis resté. Avant tout parce que la localisation est pratique et qu’on a tout à portée de main, et un accès facile à Paris. Je suis diplômé de sciences politiques à la Sorbonne et cela fait vingt cinq ans que je travaille et agis dans l’action publique et les politiques publiques. J’en connais tous les aspects : militants, le mandat électif local et les métiers de collaborateur d’élu ou de dirigeant. J’ai la particularité d’avoir travaillé avec Manuel Da Silva et pour l’équipe sortante durant ces six dernières années en tant que directeur de cabinet. Aujourd’hui, j’ai envie d’agir à Thorigny par le biais du mandat local pour mettre mon expérience au service de notre ville. Je soutiens Manuel Da Silva parce qu’il a une qualité rare : il n’a pas d’autre préoccupation que celle de sa ville. Il n’a pas de visée carriériste ou de volonté de cumul des mandats. Et plutôt que les paillettes pour faire illusion, il préfère le concret et les résultats.</p>



<figure class="wp-block-embed is-type-video is-provider-youtube wp-block-embed-youtube wp-embed-aspect-9-16 wp-has-aspect-ratio"><div class="wp-block-embed__wrapper">
<iframe loading="lazy" title="présentation antoine" width="422" height="750" src="https://www.youtube.com/embed/28eD84QqHNs?feature=oembed" frameborder="0" allow="accelerometer; autoplay; clipboard-write; encrypted-media; gyroscope; picture-in-picture; web-share" referrerpolicy="strict-origin-when-cross-origin" allowfullscreen></iframe>
</div></figure>

<p>Antoine Parodi Je m’appelle Antoine Parodi, 44 ans. J’ai un fils qui a 18 ans. Je vis à Thorigny depuis plus de quinze ans. Je suis venu d’abord ici parce que j’ai travaillé pour la commune entre 2010 et 2015, puis je suis resté. Avant tout parce que la localisation est pratique et qu’on a [&hellip;]</p>
