{"id":330,"date":"2026-02-03T08:04:22","date_gmt":"2026-02-03T08:04:22","guid":{"rendered":"https:\/\/ensemble-pour-thorigny.ovh\/?page_id=330"},"modified":"2026-02-11T13:39:38","modified_gmt":"2026-02-11T13:39:38","slug":"sebastien-fagot","status":"publish","type":"page","link":"https:\/\/ensemble-pour-thorigny.ovh\/index.php\/sebastien-fagot\/","title":{"rendered":"S\u00e9bastien Fagot"},"content":{"rendered":"\n<p data-wp-context---core-fit-text=\"core\/fit-text::{&quot;fontSize&quot;:&quot;&quot;}\" data-wp-init---core-fit-text=\"core\/fit-text::callbacks.init\" data-wp-interactive data-wp-style--font-size=\"core\/fit-text::context.fontSize\" class=\"has-fit-text\">S\u00e9bastien Fagot<\/p>\n\n\n\n<p>Je m\u2019appelle S\u00e9bastien Fagot, j\u2019ai 50 ans et j\u2019habite \u00e0 Thorigny sur Marne depuis 21 ans.<br>Je suis arriv\u00e9 ici car je cherchais l\u2019\u00e9quilibre entre la proximit\u00e9 avec Paris pour le travail et un cadre de vie agr\u00e9able, et je fus surpris de d\u00e9couvrir cette ville \u00e0 la fois entour\u00e9 de nature, et pourtant permettant un acc\u00e8s facile \u00e0 tous les besoins, que ce soit professionnel, social, culturel ou ludique.<br>Ayant toujours \u00e9t\u00e9 actif dans le milieu associatif ou le b\u00e9n\u00e9volat au niveau local, j\u2019ai pass\u00e9 un cap il y a 6 ans en devenant \u00e9lue, me permettant de m\u2019engager fortement dans les politiques sociales et de mettre en place des actions de solidarit\u00e9s essentielles pour nos concitoyens, participant ainsi au bien vivre dans notre ville, une ville qui de plus a vu mes enfants grandir, participant, vous le comprendrez ais\u00e9ment, \u00e0 la rendre importante \u00e0 mes yeux, et tout cela bien s\u00fbr, alimente mon d\u00e9sir de continuer \u00e0 m\u2019impliquer pour Thorigny sur marne. Si je soutiens Manuel Da Silva, c\u2019est parce que je sais que c\u2019est quelqu\u2019un qui s\u2019investi totalement dans son r\u00f4le de maire, loin des consid\u00e9rations carri\u00e9ristes qui peut amener certain \u00e0 convoiter ce type de fonction, car aimant sinc\u00e8rement sa ville et la servir, ce qu\u2019il fait avec conviction depuis presque 2 d\u00e9cennies<\/p>\n\n\n\n<figure class=\"wp-block-embed is-type-video is-provider-youtube wp-block-embed-youtube wp-embed-aspect-16-9 wp-has-aspect-ratio\"><div class=\"wp-block-embed__wrapper\">\n<iframe loading=\"lazy\" title=\"pr\u00e9sentation s\u00e9bastien\" width=\"422\" height=\"750\" src=\"https:\/\/www.youtube.com\/embed\/Q1olzNi42BQ?feature=oembed\" frameborder=\"0\" allow=\"accelerometer; autoplay; clipboard-write; encrypted-media; gyroscope; picture-in-picture; web-share\" referrerpolicy=\"strict-origin-when-cross-origin\" allowfullscreen><\/iframe>\n<\/div><\/figure>\n","protected":false},"excerpt":{"rendered":"<p>S\u00e9bastien Fagot Je m\u2019appelle S\u00e9bastien Fagot, j\u2019ai 50 ans et j\u2019habite \u00e0 Thorigny sur Marne depuis 21 ans.Je suis arriv\u00e9 ici car je cherchais l\u2019\u00e9quilibre entre la proximit\u00e9 avec Paris pour le travail et un cadre de vie agr\u00e9able, et je fus surpris de d\u00e9couvrir cette ville \u00e0 la fois entour\u00e9 de nature, et pourtant [&hellip;]<\/p>\n","protected":false},"author":1,"featured_media":0,"parent":0,"menu_order":0,"comment_status":"closed","ping_status":"closed","template":"","meta":{"footnotes":""},"class_list":["post-330","page","type-page","status-publish","hentry"],"_links":{"self":[{"href":"https:\/\/ensemble-pour-thorigny.ovh\/index.php\/wp-json\/wp\/v2\/pages\/330","targetHints":{"allow":["GET"]}}],"collection":[{"href":"https:\/\/ensemble-pour-thorigny.ovh\/index.php\/wp-json\/wp\/v2\/pages"}],"about":[{"href":"https:\/\/ensemble-pour-thorigny.ovh\/index.php\/wp-json\/wp\/v2\/types\/page"}],"author":[{"embeddable":true,"href":"https:\/\/ensemble-pour-thorigny.ovh\/index.php\/wp-json\/wp\/v2\/users\/1"}],"replies":[{"embeddable":true,"href":"https:\/\/ensemble-pour-thorigny.ovh\/index.php\/wp-json\/wp\/v2\/comments?post=330"}],"version-history":[{"count":2,"href":"https:\/\/ensemble-pour-thorigny.ovh\/index.php\/wp-json\/wp\/v2\/pages\/330\/revisions"}],"predecessor-version":[{"id":364,"href":"https:\/\/ensemble-pour-thorigny.ovh\/index.php\/wp-json\/wp\/v2\/pages\/330\/revisions\/364"}],"wp:attachment":[{"href":"https:\/\/ensemble-pour-thorigny.ovh\/index.php\/wp-json\/wp\/v2\/media?parent=330"}],"curies":[{"name":"wp","href":"https:\/\/api.w.org\/{rel}","templated":true}]}}

Sébastien Fagot

<p data-wp-context---core-fit-text="core/fit-text::{&quot;fontSize&quot;:&quot;&quot;}" data-wp-init---core-fit-text="core/fit-text::callbacks.init" data-wp-interactive data-wp-style--font-size="core/fit-text::context.fontSize" class="has-fit-text">Sébastien Fagot</p>



<p>Je m’appelle Sébastien Fagot, j’ai 50 ans et j’habite à Thorigny sur Marne depuis 21 ans.<br>Je suis arrivé ici car je cherchais l’équilibre entre la proximité avec Paris pour le travail et un cadre de vie agréable, et je fus surpris de découvrir cette ville à la fois entouré de nature, et pourtant permettant un accès facile à tous les besoins, que ce soit professionnel, social, culturel ou ludique.<br>Ayant toujours été actif dans le milieu associatif ou le bénévolat au niveau local, j’ai passé un cap il y a 6 ans en devenant élue, me permettant de m’engager fortement dans les politiques sociales et de mettre en place des actions de solidarités essentielles pour nos concitoyens, participant ainsi au bien vivre dans notre ville, une ville qui de plus a vu mes enfants grandir, participant, vous le comprendrez aisément, à la rendre importante à mes yeux, et tout cela bien sûr, alimente mon désir de continuer à m’impliquer pour Thorigny sur marne. Si je soutiens Manuel Da Silva, c’est parce que je sais que c’est quelqu’un qui s’investi totalement dans son rôle de maire, loin des considérations carriéristes qui peut amener certain à convoiter ce type de fonction, car aimant sincèrement sa ville et la servir, ce qu’il fait avec conviction depuis presque 2 décennies</p>



<figure class="wp-block-embed is-type-video is-provider-youtube wp-block-embed-youtube wp-embed-aspect-16-9 wp-has-aspect-ratio"><div class="wp-block-embed__wrapper">
<iframe loading="lazy" title="présentation sébastien" width="422" height="750" src="https://www.youtube.com/embed/Q1olzNi42BQ?feature=oembed" frameborder="0" allow="accelerometer; autoplay; clipboard-write; encrypted-media; gyroscope; picture-in-picture; web-share" referrerpolicy="strict-origin-when-cross-origin" allowfullscreen></iframe>
</div></figure>

<p>Sébastien Fagot Je m’appelle Sébastien Fagot, j’ai 50 ans et j’habite à Thorigny sur Marne depuis 21 ans.Je suis arrivé ici car je cherchais l’équilibre entre la proximité avec Paris pour le travail et un cadre de vie agréable, et je fus surpris de découvrir cette ville à la fois entouré de nature, et pourtant [&hellip;]</p>
