{"id":344,"date":"2026-02-11T13:09:56","date_gmt":"2026-02-11T13:09:56","guid":{"rendered":"https:\/\/ensemble-pour-thorigny.ovh\/?page_id=344"},"modified":"2026-02-12T06:48:32","modified_gmt":"2026-02-12T06:48:32","slug":"anne-sophie-bouxin","status":"publish","type":"page","link":"https:\/\/ensemble-pour-thorigny.ovh\/index.php\/anne-sophie-bouxin\/","title":{"rendered":"Anne-Sophie Bouxin"},"content":{"rendered":"\n<p data-wp-context---core-fit-text=\"core\/fit-text::{&quot;fontSize&quot;:&quot;&quot;}\" data-wp-init---core-fit-text=\"core\/fit-text::callbacks.init\" data-wp-interactive data-wp-style--font-size=\"core\/fit-text::context.fontSize\" class=\"has-fit-text\">Anne-Sophie Bouxin<\/p>\n\n\n\n<p>Je suis Anne-Sophie Bouxin, j\u2019ai 46 ans. J\u2019habite Thorigny depuis trois ans et demi, mais je connais bien notre ville depuis longtemps pour y avoir \u00e9t\u00e9 \u00e9l\u00e8ve, au coll\u00e8ge du Moulin \u00e0 Vent.\u00a0\u00bb Infirmi\u00e8re lib\u00e9rale de profession, le soin et l\u2019\u00e9coute sont mon quotidien. Aujourd\u2019hui, je souhaite mettre cette exp\u00e9rience de terrain au service de notre conseil municipal.\u00a0\u00bb Je veux m\u2019investir concr\u00e8tement pour l\u2019acc\u00e8s aux soins, la lutte contre l\u2019isolement et le maintien \u00e0 domicile de nos a\u00een\u00e9s.\u00a0\u00bb Pour agir ensemble pour le lien social \u00e0 Thorigny, votez bien : votez pour la liste \u00ab Ensemble pour Thorigny \u00bb. \u00c0 tr\u00e8s vite sur le terrain !\u00a0\u00bb<\/p>\n\n\n\n<figure class=\"wp-block-embed is-type-video is-provider-youtube wp-block-embed-youtube wp-embed-aspect-9-16 wp-has-aspect-ratio\"><div class=\"wp-block-embed__wrapper\">\n<iframe loading=\"lazy\" title=\"pr\u00e9sentation anne sophie\" width=\"422\" height=\"750\" src=\"https:\/\/www.youtube.com\/embed\/W5wlDTwrOKI?feature=oembed\" frameborder=\"0\" allow=\"accelerometer; autoplay; clipboard-write; encrypted-media; gyroscope; picture-in-picture; web-share\" referrerpolicy=\"strict-origin-when-cross-origin\" allowfullscreen><\/iframe>\n<\/div><\/figure>\n","protected":false},"excerpt":{"rendered":"<p>Anne-Sophie Bouxin Je suis Anne-Sophie Bouxin, j\u2019ai 46 ans. J\u2019habite Thorigny depuis trois ans et demi, mais je connais bien notre ville depuis longtemps pour y avoir \u00e9t\u00e9 \u00e9l\u00e8ve, au coll\u00e8ge du Moulin \u00e0 Vent.\u00a0\u00bb Infirmi\u00e8re lib\u00e9rale de profession, le soin et l\u2019\u00e9coute sont mon quotidien. Aujourd\u2019hui, je souhaite mettre cette exp\u00e9rience de terrain au [&hellip;]<\/p>\n","protected":false},"author":1,"featured_media":0,"parent":0,"menu_order":0,"comment_status":"closed","ping_status":"closed","template":"","meta":{"footnotes":""},"class_list":["post-344","page","type-page","status-publish","hentry"],"_links":{"self":[{"href":"https:\/\/ensemble-pour-thorigny.ovh\/index.php\/wp-json\/wp\/v2\/pages\/344","targetHints":{"allow":["GET"]}}],"collection":[{"href":"https:\/\/ensemble-pour-thorigny.ovh\/index.php\/wp-json\/wp\/v2\/pages"}],"about":[{"href":"https:\/\/ensemble-pour-thorigny.ovh\/index.php\/wp-json\/wp\/v2\/types\/page"}],"author":[{"embeddable":true,"href":"https:\/\/ensemble-pour-thorigny.ovh\/index.php\/wp-json\/wp\/v2\/users\/1"}],"replies":[{"embeddable":true,"href":"https:\/\/ensemble-pour-thorigny.ovh\/index.php\/wp-json\/wp\/v2\/comments?post=344"}],"version-history":[{"count":2,"href":"https:\/\/ensemble-pour-thorigny.ovh\/index.php\/wp-json\/wp\/v2\/pages\/344\/revisions"}],"predecessor-version":[{"id":366,"href":"https:\/\/ensemble-pour-thorigny.ovh\/index.php\/wp-json\/wp\/v2\/pages\/344\/revisions\/366"}],"wp:attachment":[{"href":"https:\/\/ensemble-pour-thorigny.ovh\/index.php\/wp-json\/wp\/v2\/media?parent=344"}],"curies":[{"name":"wp","href":"https:\/\/api.w.org\/{rel}","templated":true}]}}

<p data-wp-context---core-fit-text="core/fit-text::{&quot;fontSize&quot;:&quot;&quot;}" data-wp-init---core-fit-text="core/fit-text::callbacks.init" data-wp-interactive data-wp-style--font-size="core/fit-text::context.fontSize" class="has-fit-text">Anne-Sophie Bouxin</p>



<p>Je suis Anne-Sophie Bouxin, j’ai 46 ans. J’habite Thorigny depuis trois ans et demi, mais je connais bien notre ville depuis longtemps pour y avoir été élève, au collège du Moulin à Vent. » Infirmière libérale de profession, le soin et l’écoute sont mon quotidien. Aujourd’hui, je souhaite mettre cette expérience de terrain au service de notre conseil municipal. » Je veux m’investir concrètement pour l’accès aux soins, la lutte contre l’isolement et le maintien à domicile de nos aînés. » Pour agir ensemble pour le lien social à Thorigny, votez bien : votez pour la liste « Ensemble pour Thorigny ». À très vite sur le terrain ! »</p>



<figure class="wp-block-embed is-type-video is-provider-youtube wp-block-embed-youtube wp-embed-aspect-9-16 wp-has-aspect-ratio"><div class="wp-block-embed__wrapper">
<iframe loading="lazy" title="présentation anne sophie" width="422" height="750" src="https://www.youtube.com/embed/W5wlDTwrOKI?feature=oembed" frameborder="0" allow="accelerometer; autoplay; clipboard-write; encrypted-media; gyroscope; picture-in-picture; web-share" referrerpolicy="strict-origin-when-cross-origin" allowfullscreen></iframe>
</div></figure>

<p>Anne-Sophie Bouxin Je suis Anne-Sophie Bouxin, j’ai 46 ans. J’habite Thorigny depuis trois ans et demi, mais je connais bien notre ville depuis longtemps pour y avoir été élève, au collège du Moulin à Vent. » Infirmière libérale de profession, le soin et l’écoute sont mon quotidien. Aujourd’hui, je souhaite mettre cette expérience de terrain au [&hellip;]</p>
