{"id":352,"date":"2026-02-11T13:18:07","date_gmt":"2026-02-11T13:18:07","guid":{"rendered":"https:\/\/ensemble-pour-thorigny.ovh\/?page_id=352"},"modified":"2026-02-11T13:41:43","modified_gmt":"2026-02-11T13:41:43","slug":"noemie-moyabat","status":"publish","type":"page","link":"https:\/\/ensemble-pour-thorigny.ovh\/index.php\/noemie-moyabat\/","title":{"rendered":"No\u00e9mie Moyabat"},"content":{"rendered":"\n<p data-wp-context---core-fit-text=\"core\/fit-text::{&quot;fontSize&quot;:&quot;&quot;}\" data-wp-init---core-fit-text=\"core\/fit-text::callbacks.init\" data-wp-interactive data-wp-style--font-size=\"core\/fit-text::context.fontSize\" class=\"has-fit-text\">No\u00e9mie Moyabat<\/p>\n\n\n\n<p>Je m&rsquo;appelle No\u00e9mie Moyabat j&rsquo;ai&nbsp;22 ans et aujourd&rsquo;hui je suis \u00e9tudiante en sciences politiques en derni\u00e8re ann\u00e9e et&nbsp;donc je suis \u00e0 Thorigny depuis 5 ans.&nbsp;&nbsp;<\/p>\n\n\n\n<p>J&rsquo;ai rejoint la liste de Manuel Da Silva parce&nbsp;que je voulais rejoindre une liste authentique&nbsp;qui s&rsquo;engage pour les habitants, une ville qui&nbsp;soit dynamique, verte et compl\u00e8tement solidaire.&nbsp;&nbsp;<\/p>\n\n\n\n<p>Et c&rsquo;est l\u00e0 o\u00f9 je me retrouve dans le&nbsp;projet de Manuel Da Silva, un maire qui est tout le temps aux c\u00f4t\u00e9s de ses habitants et qui&nbsp;a pas peur d&rsquo;aller sur le terrain.<\/p>\n\n\n\n<p>Aujourd&rsquo;hui, je rejoins ensemble pour Thorigny et&nbsp;je compte sur vous pour les \u00e9lections 2026.<\/p>\n\n\n\n<figure class=\"wp-block-embed is-type-video is-provider-youtube wp-block-embed-youtube wp-embed-aspect-9-16 wp-has-aspect-ratio\"><div class=\"wp-block-embed__wrapper\">\n<iframe loading=\"lazy\" title=\"pr\u00e9sentation no\u00e9mie\" width=\"422\" height=\"750\" src=\"https:\/\/www.youtube.com\/embed\/znTBlsR_1_Q?feature=oembed\" frameborder=\"0\" allow=\"accelerometer; autoplay; clipboard-write; encrypted-media; gyroscope; picture-in-picture; web-share\" referrerpolicy=\"strict-origin-when-cross-origin\" allowfullscreen><\/iframe>\n<\/div><\/figure>\n","protected":false},"excerpt":{"rendered":"<p>No\u00e9mie Moyabat Je m&rsquo;appelle No\u00e9mie Moyabat j&rsquo;ai&nbsp;22 ans et aujourd&rsquo;hui je suis \u00e9tudiante en sciences politiques en derni\u00e8re ann\u00e9e et&nbsp;donc je suis \u00e0 Thorigny depuis 5 ans.&nbsp;&nbsp; J&rsquo;ai rejoint la liste de Manuel Da Silva parce&nbsp;que je voulais rejoindre une liste authentique&nbsp;qui s&rsquo;engage pour les habitants, une ville qui&nbsp;soit dynamique, verte et compl\u00e8tement solidaire.&nbsp;&nbsp; Et [&hellip;]<\/p>\n","protected":false},"author":1,"featured_media":0,"parent":0,"menu_order":0,"comment_status":"closed","ping_status":"closed","template":"","meta":{"footnotes":""},"class_list":["post-352","page","type-page","status-publish","hentry"],"_links":{"self":[{"href":"https:\/\/ensemble-pour-thorigny.ovh\/index.php\/wp-json\/wp\/v2\/pages\/352","targetHints":{"allow":["GET"]}}],"collection":[{"href":"https:\/\/ensemble-pour-thorigny.ovh\/index.php\/wp-json\/wp\/v2\/pages"}],"about":[{"href":"https:\/\/ensemble-pour-thorigny.ovh\/index.php\/wp-json\/wp\/v2\/types\/page"}],"author":[{"embeddable":true,"href":"https:\/\/ensemble-pour-thorigny.ovh\/index.php\/wp-json\/wp\/v2\/users\/1"}],"replies":[{"embeddable":true,"href":"https:\/\/ensemble-pour-thorigny.ovh\/index.php\/wp-json\/wp\/v2\/comments?post=352"}],"version-history":[{"count":2,"href":"https:\/\/ensemble-pour-thorigny.ovh\/index.php\/wp-json\/wp\/v2\/pages\/352\/revisions"}],"predecessor-version":[{"id":365,"href":"https:\/\/ensemble-pour-thorigny.ovh\/index.php\/wp-json\/wp\/v2\/pages\/352\/revisions\/365"}],"wp:attachment":[{"href":"https:\/\/ensemble-pour-thorigny.ovh\/index.php\/wp-json\/wp\/v2\/media?parent=352"}],"curies":[{"name":"wp","href":"https:\/\/api.w.org\/{rel}","templated":true}]}}

Noémie Moyabat

<p data-wp-context---core-fit-text="core/fit-text::{&quot;fontSize&quot;:&quot;&quot;}" data-wp-init---core-fit-text="core/fit-text::callbacks.init" data-wp-interactive data-wp-style--font-size="core/fit-text::context.fontSize" class="has-fit-text">Noémie Moyabat</p>



<p>Je m&rsquo;appelle Noémie Moyabat j&rsquo;ai&nbsp;22 ans et aujourd&rsquo;hui je suis étudiante en sciences politiques en dernière année et&nbsp;donc je suis à Thorigny depuis 5 ans.&nbsp;&nbsp;</p>



<p>J&rsquo;ai rejoint la liste de Manuel Da Silva parce&nbsp;que je voulais rejoindre une liste authentique&nbsp;qui s&rsquo;engage pour les habitants, une ville qui&nbsp;soit dynamique, verte et complètement solidaire.&nbsp;&nbsp;</p>



<p>Et c&rsquo;est là où je me retrouve dans le&nbsp;projet de Manuel Da Silva, un maire qui est tout le temps aux côtés de ses habitants et qui&nbsp;a pas peur d&rsquo;aller sur le terrain.</p>



<p>Aujourd&rsquo;hui, je rejoins ensemble pour Thorigny et&nbsp;je compte sur vous pour les élections 2026.</p>



<figure class="wp-block-embed is-type-video is-provider-youtube wp-block-embed-youtube wp-embed-aspect-9-16 wp-has-aspect-ratio"><div class="wp-block-embed__wrapper">
<iframe loading="lazy" title="présentation noémie" width="422" height="750" src="https://www.youtube.com/embed/znTBlsR_1_Q?feature=oembed" frameborder="0" allow="accelerometer; autoplay; clipboard-write; encrypted-media; gyroscope; picture-in-picture; web-share" referrerpolicy="strict-origin-when-cross-origin" allowfullscreen></iframe>
</div></figure>

<p>Noémie Moyabat Je m&rsquo;appelle Noémie Moyabat j&rsquo;ai&nbsp;22 ans et aujourd&rsquo;hui je suis étudiante en sciences politiques en dernière année et&nbsp;donc je suis à Thorigny depuis 5 ans.&nbsp;&nbsp; J&rsquo;ai rejoint la liste de Manuel Da Silva parce&nbsp;que je voulais rejoindre une liste authentique&nbsp;qui s&rsquo;engage pour les habitants, une ville qui&nbsp;soit dynamique, verte et complètement solidaire.&nbsp;&nbsp; Et [&hellip;]</p>
