{"id":391,"date":"2026-02-24T07:20:17","date_gmt":"2026-02-24T07:20:17","guid":{"rendered":"https:\/\/ensemble-pour-thorigny.ovh\/?page_id=391"},"modified":"2026-02-24T07:20:17","modified_gmt":"2026-02-24T07:20:17","slug":"gysele-queney","status":"publish","type":"page","link":"https:\/\/ensemble-pour-thorigny.ovh\/index.php\/gysele-queney\/","title":{"rendered":"Gys\u00e8le Queney"},"content":{"rendered":"\n<p data-wp-context---core-fit-text=\"core\/fit-text::{&quot;fontSize&quot;:&quot;&quot;}\" data-wp-init---core-fit-text=\"core\/fit-text::callbacks.init\" data-wp-interactive data-wp-style--font-size=\"core\/fit-text::context.fontSize\" class=\"has-fit-text\">Gys\u00e8le Queney<\/p>\n\n\n\n<p>En 1979 nous avons choisi Thorigny pour y vivre avec nos deux gar\u00e7ons, son c\u00f4t\u00e9 mi-ville\/mi-campagne, sa taille humaine et ses services (\u00e9coles, coll\u00e8ge, gare, activit\u00e9s sportives, associatives) nous ont convaincus.<\/p>\n\n\n\n<p>Lorsque ma retraite professionnelle&nbsp;de DRH est arriv\u00e9e, avec M.&nbsp;Chantrel j\u2019ai rejoint la vie municipale en 2001 comme&nbsp;adjointe aux affaires sociales. R\u00e9\u00e9lue en 2008 avec une \u00e9quipe solide et fid\u00e8le, mais dans l\u2019opposition, en 2020 j\u2019ai soutenu <strong>Manuel <\/strong><strong>Da Silva<\/strong>, homme de qualit\u00e9, s\u00e9rieux et de parole.<\/p>\n\n\n\n<p>Thorigny a grandi mais <strong>la r\u00e9alit\u00e9 des sujets est d\u2019abord Thorignienne.<\/strong> <strong>Nulle promesse \u00e9lectorale ne remplace la connaissance de notre ville, <\/strong>de ses habitants, des dossiers locaux, du r\u00e9seau d\u00e9cisionnel et financeur,<strong> c\u2019est ce pragmatisme qui caract\u00e9rise Manuel Da Silva<\/strong>. Les r\u00e9alisations du mandat en sont le t\u00e9moignage.<\/p>\n\n\n\n<p><strong>Les Thorigniennes et Thorigniens sont des gens s\u00e9rieux.<\/strong><\/p>\n\n\n\n<p>Une ville c\u2019est vivant et \u00e7a \u00e9volue.<\/p>\n\n\n\n<p>Cette vie locale m\u00e9rite des personnalit\u00e9s qui s\u2019y consacrent.<\/p>\n\n\n\n<p><strong>Alors comme moi, VOTEZ pour M. DA SILVA et notre \u00e9quipe<\/strong><\/p>\n\n\n\n<p><\/p>\n","protected":false},"excerpt":{"rendered":"<p>Gys\u00e8le Queney En 1979 nous avons choisi Thorigny pour y vivre avec nos deux gar\u00e7ons, son c\u00f4t\u00e9 mi-ville\/mi-campagne, sa taille humaine et ses services (\u00e9coles, coll\u00e8ge, gare, activit\u00e9s sportives, associatives) nous ont convaincus. Lorsque ma retraite professionnelle&nbsp;de DRH est arriv\u00e9e, avec M.&nbsp;Chantrel j\u2019ai rejoint la vie municipale en 2001 comme&nbsp;adjointe aux affaires sociales. R\u00e9\u00e9lue en [&hellip;]<\/p>\n","protected":false},"author":1,"featured_media":0,"parent":0,"menu_order":0,"comment_status":"closed","ping_status":"closed","template":"","meta":{"footnotes":""},"class_list":["post-391","page","type-page","status-publish","hentry"],"_links":{"self":[{"href":"https:\/\/ensemble-pour-thorigny.ovh\/index.php\/wp-json\/wp\/v2\/pages\/391","targetHints":{"allow":["GET"]}}],"collection":[{"href":"https:\/\/ensemble-pour-thorigny.ovh\/index.php\/wp-json\/wp\/v2\/pages"}],"about":[{"href":"https:\/\/ensemble-pour-thorigny.ovh\/index.php\/wp-json\/wp\/v2\/types\/page"}],"author":[{"embeddable":true,"href":"https:\/\/ensemble-pour-thorigny.ovh\/index.php\/wp-json\/wp\/v2\/users\/1"}],"replies":[{"embeddable":true,"href":"https:\/\/ensemble-pour-thorigny.ovh\/index.php\/wp-json\/wp\/v2\/comments?post=391"}],"version-history":[{"count":1,"href":"https:\/\/ensemble-pour-thorigny.ovh\/index.php\/wp-json\/wp\/v2\/pages\/391\/revisions"}],"predecessor-version":[{"id":392,"href":"https:\/\/ensemble-pour-thorigny.ovh\/index.php\/wp-json\/wp\/v2\/pages\/391\/revisions\/392"}],"wp:attachment":[{"href":"https:\/\/ensemble-pour-thorigny.ovh\/index.php\/wp-json\/wp\/v2\/media?parent=391"}],"curies":[{"name":"wp","href":"https:\/\/api.w.org\/{rel}","templated":true}]}}

Gysèle Queney

<p data-wp-context---core-fit-text="core/fit-text::{&quot;fontSize&quot;:&quot;&quot;}" data-wp-init---core-fit-text="core/fit-text::callbacks.init" data-wp-interactive data-wp-style--font-size="core/fit-text::context.fontSize" class="has-fit-text">Gysèle Queney</p>



<p>En 1979 nous avons choisi Thorigny pour y vivre avec nos deux garçons, son côté mi-ville/mi-campagne, sa taille humaine et ses services (écoles, collège, gare, activités sportives, associatives) nous ont convaincus.</p>



<p>Lorsque ma retraite professionnelle&nbsp;de DRH est arrivée, avec M.&nbsp;Chantrel j’ai rejoint la vie municipale en 2001 comme&nbsp;adjointe aux affaires sociales. Réélue en 2008 avec une équipe solide et fidèle, mais dans l’opposition, en 2020 j’ai soutenu <strong>Manuel </strong><strong>Da Silva</strong>, homme de qualité, sérieux et de parole.</p>



<p>Thorigny a grandi mais <strong>la réalité des sujets est d’abord Thorignienne.</strong> <strong>Nulle promesse électorale ne remplace la connaissance de notre ville, </strong>de ses habitants, des dossiers locaux, du réseau décisionnel et financeur,<strong> c’est ce pragmatisme qui caractérise Manuel Da Silva</strong>. Les réalisations du mandat en sont le témoignage.</p>



<p><strong>Les Thorigniennes et Thorigniens sont des gens sérieux.</strong></p>



<p>Une ville c’est vivant et ça évolue.</p>



<p>Cette vie locale mérite des personnalités qui s’y consacrent.</p>



<p><strong>Alors comme moi, VOTEZ pour M. DA SILVA et notre équipe</strong></p>



<p></p>

<p>Gysèle Queney En 1979 nous avons choisi Thorigny pour y vivre avec nos deux garçons, son côté mi-ville/mi-campagne, sa taille humaine et ses services (écoles, collège, gare, activités sportives, associatives) nous ont convaincus. Lorsque ma retraite professionnelle&nbsp;de DRH est arrivée, avec M.&nbsp;Chantrel j’ai rejoint la vie municipale en 2001 comme&nbsp;adjointe aux affaires sociales. Réélue en [&hellip;]</p>
