{"id":395,"date":"2026-02-24T07:28:19","date_gmt":"2026-02-24T07:28:19","guid":{"rendered":"https:\/\/ensemble-pour-thorigny.ovh\/?page_id=395"},"modified":"2026-02-24T07:28:19","modified_gmt":"2026-02-24T07:28:19","slug":"dominique-da-rocha","status":"publish","type":"page","link":"https:\/\/ensemble-pour-thorigny.ovh\/index.php\/dominique-da-rocha\/","title":{"rendered":"Dominique Da Rocha"},"content":{"rendered":"\n<p data-wp-context---core-fit-text=\"core\/fit-text::{&quot;fontSize&quot;:&quot;&quot;}\" data-wp-init---core-fit-text=\"core\/fit-text::callbacks.init\" data-wp-interactive data-wp-style--font-size=\"core\/fit-text::context.fontSize\" class=\"has-fit-text\">Dominique Da Rocha<\/p>\n\n\n\n<p>Dominique Darocha, 63 ans, n\u00e9 \u00e0 Thorigny.<\/p>\n\n\n\n<p>J&rsquo;ai\u00a0toujours v\u00e9cu \u00e0 Thorigny. J&rsquo;\u00e9tais \u00e0 l&rsquo;\u00e9cole Gambetta,\u00a0Cl\u00e9menceau, coll\u00e8ge parcours normal d&rsquo;un enfant\u00a0de Thorigny et directement \u00e0 Noisy le Grand pour faire\u00a0ma formation professionnelle, dans le b\u00e2timent et g\u00e9nie civil.<\/p>\n\n\n\n<p>G\u00e9rant de la soci\u00e9t\u00e9 DDR dessin, d\u00e9coration, r\u00e9novation, auparavant j&rsquo;\u00e9tais aussi\u00a0\u00e0 r\u00e9novation briard qui a \u00e9t\u00e9 cr\u00e9\u00e9 par mon p\u00e8re.\u00a0\u00a0<\/p>\n\n\n\n<p>Comme tous les jeunes de mon \u00e2ge, on a \u00e9t\u00e9\u00a0au football et j&rsquo;en remercie les personnes\u00a0qui m&rsquo;ont aid\u00e9 et qui m&rsquo;ont form\u00e9. Mon parcours de\u00a0footballeur, j&rsquo;ai \u00e9t\u00e9 de joueur jusqu&rsquo;\u00e0 pr\u00e9sident\u00a0du club de Thorigny jusqu&rsquo;en septembre 2025.<\/p>\n\n\n\n<p>J&rsquo;ai\u00a0pu amener \u00e0 Thorigny une nationale 3 f\u00e9minine par la F\u00e9d\u00e9ration fran\u00e7aise de football et je\u00a0fais partie de la section f\u00e9minine au niveau\u00a0du district puis au niveau des instances f\u00e9d\u00e9rales\u00a0et nationales.<\/p>\n\n\n\n<p>Voil\u00e0, j&rsquo;ai pu d\u00e9velopper gr\u00e2ce \u00e0 la mairie aussi parce que si j&rsquo;ai fait \u00e7a c&rsquo;est\u00a0gr\u00e2ce \u00e0 la mairie et aux anciens. Le sport adapt\u00e9, le foot en marchand, le fitness. Je soutiens Ensemble Pour Thorigny.\u00a0Pourquoi ? parce\u00a0que bon Manuel Da Silva c&rsquo;est un homme de terrain, c&rsquo;est un homme d&rsquo;engagement, je me retrouve dans ses id\u00e9es, dans ses valeurs\u00a0avec toute son \u00e9quipe qui est autour de lui.<\/p>\n","protected":false},"excerpt":{"rendered":"<p>Dominique Da Rocha Dominique Darocha, 63 ans, n\u00e9 \u00e0 Thorigny. J&rsquo;ai\u00a0toujours v\u00e9cu \u00e0 Thorigny. J&rsquo;\u00e9tais \u00e0 l&rsquo;\u00e9cole Gambetta,\u00a0Cl\u00e9menceau, coll\u00e8ge parcours normal d&rsquo;un enfant\u00a0de Thorigny et directement \u00e0 Noisy le Grand pour faire\u00a0ma formation professionnelle, dans le b\u00e2timent et g\u00e9nie civil. G\u00e9rant de la soci\u00e9t\u00e9 DDR dessin, d\u00e9coration, r\u00e9novation, auparavant j&rsquo;\u00e9tais aussi\u00a0\u00e0 r\u00e9novation briard qui a [&hellip;]<\/p>\n","protected":false},"author":1,"featured_media":0,"parent":0,"menu_order":0,"comment_status":"closed","ping_status":"closed","template":"","meta":{"footnotes":""},"class_list":["post-395","page","type-page","status-publish","hentry"],"_links":{"self":[{"href":"https:\/\/ensemble-pour-thorigny.ovh\/index.php\/wp-json\/wp\/v2\/pages\/395","targetHints":{"allow":["GET"]}}],"collection":[{"href":"https:\/\/ensemble-pour-thorigny.ovh\/index.php\/wp-json\/wp\/v2\/pages"}],"about":[{"href":"https:\/\/ensemble-pour-thorigny.ovh\/index.php\/wp-json\/wp\/v2\/types\/page"}],"author":[{"embeddable":true,"href":"https:\/\/ensemble-pour-thorigny.ovh\/index.php\/wp-json\/wp\/v2\/users\/1"}],"replies":[{"embeddable":true,"href":"https:\/\/ensemble-pour-thorigny.ovh\/index.php\/wp-json\/wp\/v2\/comments?post=395"}],"version-history":[{"count":1,"href":"https:\/\/ensemble-pour-thorigny.ovh\/index.php\/wp-json\/wp\/v2\/pages\/395\/revisions"}],"predecessor-version":[{"id":396,"href":"https:\/\/ensemble-pour-thorigny.ovh\/index.php\/wp-json\/wp\/v2\/pages\/395\/revisions\/396"}],"wp:attachment":[{"href":"https:\/\/ensemble-pour-thorigny.ovh\/index.php\/wp-json\/wp\/v2\/media?parent=395"}],"curies":[{"name":"wp","href":"https:\/\/api.w.org\/{rel}","templated":true}]}}

<p data-wp-context---core-fit-text="core/fit-text::{&quot;fontSize&quot;:&quot;&quot;}" data-wp-init---core-fit-text="core/fit-text::callbacks.init" data-wp-interactive data-wp-style--font-size="core/fit-text::context.fontSize" class="has-fit-text">Dominique Da Rocha</p>



<p>Dominique Darocha, 63 ans, né à Thorigny.</p>



<p>J&rsquo;ai toujours vécu à Thorigny. J&rsquo;étais à l&rsquo;école Gambetta, Clémenceau, collège parcours normal d&rsquo;un enfant de Thorigny et directement à Noisy le Grand pour faire ma formation professionnelle, dans le bâtiment et génie civil.</p>



<p>Gérant de la société DDR dessin, décoration, rénovation, auparavant j&rsquo;étais aussi à rénovation briard qui a été créé par mon père.  </p>



<p>Comme tous les jeunes de mon âge, on a été au football et j&rsquo;en remercie les personnes qui m&rsquo;ont aidé et qui m&rsquo;ont formé. Mon parcours de footballeur, j&rsquo;ai été de joueur jusqu&rsquo;à président du club de Thorigny jusqu&rsquo;en septembre 2025.</p>



<p>J&rsquo;ai pu amener à Thorigny une nationale 3 féminine par la Fédération française de football et je fais partie de la section féminine au niveau du district puis au niveau des instances fédérales et nationales.</p>



<p>Voilà, j&rsquo;ai pu développer grâce à la mairie aussi parce que si j&rsquo;ai fait ça c&rsquo;est grâce à la mairie et aux anciens. Le sport adapté, le foot en marchand, le fitness. Je soutiens Ensemble Pour Thorigny. Pourquoi ? parce que bon Manuel Da Silva c&rsquo;est un homme de terrain, c&rsquo;est un homme d&rsquo;engagement, je me retrouve dans ses idées, dans ses valeurs avec toute son équipe qui est autour de lui.</p>

<p>Dominique Da Rocha Dominique Darocha, 63 ans, né à Thorigny. J&rsquo;ai toujours vécu à Thorigny. J&rsquo;étais à l&rsquo;école Gambetta, Clémenceau, collège parcours normal d&rsquo;un enfant de Thorigny et directement à Noisy le Grand pour faire ma formation professionnelle, dans le bâtiment et génie civil. Gérant de la société DDR dessin, décoration, rénovation, auparavant j&rsquo;étais aussi à rénovation briard qui a [&hellip;]</p>
