{"id":398,"date":"2026-02-24T07:30:27","date_gmt":"2026-02-24T07:30:27","guid":{"rendered":"https:\/\/ensemble-pour-thorigny.ovh\/?page_id=398"},"modified":"2026-02-24T07:30:27","modified_gmt":"2026-02-24T07:30:27","slug":"jean-joseph-navarro","status":"publish","type":"page","link":"https:\/\/ensemble-pour-thorigny.ovh\/index.php\/jean-joseph-navarro\/","title":{"rendered":"Jean Joseph Navarro"},"content":{"rendered":"\n<p data-wp-context---core-fit-text=\"core\/fit-text::{&quot;fontSize&quot;:&quot;&quot;}\" data-wp-init---core-fit-text=\"core\/fit-text::callbacks.init\" data-wp-interactive data-wp-style--font-size=\"core\/fit-text::context.fontSize\" class=\"has-fit-text\">Jean Joseph Navarro<\/p>\n\n\n\n<p>Jean Joseph Navarro, fils de r\u00e9publicain espagnol, j\u2019ai 74 ans et je suis retrait\u00e9 de l\u2019imprimerie. Encore aujourd&rsquo;hui, depuis ma jeunesse, je me suis toujours impliqu\u00e9 dans la vie associative, politique, syndicale, philosophique. <\/p>\n\n\n\n<p>Je suis Thorignien depuis plus de 25 ans. Progressiste, j\u2019ai rejoint Ensemble Pour Thorigny, liste men\u00e9e par Manuel Da Silva, notre maire, pour contribuer, dans la continuit\u00e9 du travail d\u00e9j\u00e0 accompli depuis 6 ans, \u00e0 l\u2019am\u00e9lioration de la vie quotidienne de nos concitoyennes et concitoyens, en accord avec les propositions faites par l\u2019ensemble des colisti\u00e8res et colistiers de la liste. Bien s\u00fbr votre vote pour notre liste, Ensemble Pour Thorigny, d\u00e8s le 15 mars, sera d\u00e9terminant pour le succ\u00e8s de notre projet et notre \u00e9quipe. Je compte sur vous<\/p>\n","protected":false},"excerpt":{"rendered":"<p>Jean Joseph Navarro Jean Joseph Navarro, fils de r\u00e9publicain espagnol, j\u2019ai 74 ans et je suis retrait\u00e9 de l\u2019imprimerie. Encore aujourd&rsquo;hui, depuis ma jeunesse, je me suis toujours impliqu\u00e9 dans la vie associative, politique, syndicale, philosophique. Je suis Thorignien depuis plus de 25 ans. Progressiste, j\u2019ai rejoint Ensemble Pour Thorigny, liste men\u00e9e par Manuel Da [&hellip;]<\/p>\n","protected":false},"author":1,"featured_media":0,"parent":0,"menu_order":0,"comment_status":"closed","ping_status":"closed","template":"","meta":{"footnotes":""},"class_list":["post-398","page","type-page","status-publish","hentry"],"_links":{"self":[{"href":"https:\/\/ensemble-pour-thorigny.ovh\/index.php\/wp-json\/wp\/v2\/pages\/398","targetHints":{"allow":["GET"]}}],"collection":[{"href":"https:\/\/ensemble-pour-thorigny.ovh\/index.php\/wp-json\/wp\/v2\/pages"}],"about":[{"href":"https:\/\/ensemble-pour-thorigny.ovh\/index.php\/wp-json\/wp\/v2\/types\/page"}],"author":[{"embeddable":true,"href":"https:\/\/ensemble-pour-thorigny.ovh\/index.php\/wp-json\/wp\/v2\/users\/1"}],"replies":[{"embeddable":true,"href":"https:\/\/ensemble-pour-thorigny.ovh\/index.php\/wp-json\/wp\/v2\/comments?post=398"}],"version-history":[{"count":1,"href":"https:\/\/ensemble-pour-thorigny.ovh\/index.php\/wp-json\/wp\/v2\/pages\/398\/revisions"}],"predecessor-version":[{"id":399,"href":"https:\/\/ensemble-pour-thorigny.ovh\/index.php\/wp-json\/wp\/v2\/pages\/398\/revisions\/399"}],"wp:attachment":[{"href":"https:\/\/ensemble-pour-thorigny.ovh\/index.php\/wp-json\/wp\/v2\/media?parent=398"}],"curies":[{"name":"wp","href":"https:\/\/api.w.org\/{rel}","templated":true}]}}

<p data-wp-context---core-fit-text="core/fit-text::{&quot;fontSize&quot;:&quot;&quot;}" data-wp-init---core-fit-text="core/fit-text::callbacks.init" data-wp-interactive data-wp-style--font-size="core/fit-text::context.fontSize" class="has-fit-text">Jean Joseph Navarro</p>



<p>Jean Joseph Navarro, fils de républicain espagnol, j’ai 74 ans et je suis retraité de l’imprimerie. Encore aujourd&rsquo;hui, depuis ma jeunesse, je me suis toujours impliqué dans la vie associative, politique, syndicale, philosophique. </p>



<p>Je suis Thorignien depuis plus de 25 ans. Progressiste, j’ai rejoint Ensemble Pour Thorigny, liste menée par Manuel Da Silva, notre maire, pour contribuer, dans la continuité du travail déjà accompli depuis 6 ans, à l’amélioration de la vie quotidienne de nos concitoyennes et concitoyens, en accord avec les propositions faites par l’ensemble des colistières et colistiers de la liste. Bien sûr votre vote pour notre liste, Ensemble Pour Thorigny, dès le 15 mars, sera déterminant pour le succès de notre projet et notre équipe. Je compte sur vous</p>

<p>Jean Joseph Navarro Jean Joseph Navarro, fils de républicain espagnol, j’ai 74 ans et je suis retraité de l’imprimerie. Encore aujourd&rsquo;hui, depuis ma jeunesse, je me suis toujours impliqué dans la vie associative, politique, syndicale, philosophique. Je suis Thorignien depuis plus de 25 ans. Progressiste, j’ai rejoint Ensemble Pour Thorigny, liste menée par Manuel Da [&hellip;]</p>
