{"id":404,"date":"2026-02-24T07:37:01","date_gmt":"2026-02-24T07:37:01","guid":{"rendered":"https:\/\/ensemble-pour-thorigny.ovh\/?page_id=404"},"modified":"2026-02-24T07:37:01","modified_gmt":"2026-02-24T07:37:01","slug":"manuela-cadel","status":"publish","type":"page","link":"https:\/\/ensemble-pour-thorigny.ovh\/index.php\/manuela-cadel\/","title":{"rendered":"Manuela Cadel"},"content":{"rendered":"\n<p data-wp-context---core-fit-text=\"core\/fit-text::{&quot;fontSize&quot;:&quot;&quot;}\" data-wp-init---core-fit-text=\"core\/fit-text::callbacks.init\" data-wp-interactive data-wp-style--font-size=\"core\/fit-text::context.fontSize\" class=\"has-fit-text\">Manuela Cadel<\/p>\n\n\n\n<p>50 ans \u2013 Gestionnaire locatif<\/p>\n\n\n\n<p>Je m\u2019appelle Manuela Cadel, j\u2019ai 50 ans, je suis mari\u00e9e et j\u2019ai deux enfants. Je vis \u00e0 Thorigny depuis Juillet 2020. Je connais cette ville depuis toujours, ayant grandi et v\u00e9cu dans des communes proches depuis ma naissance. Ma famille et moi avons choisi de nous installer \u00e0 Thorigny apr\u00e8s un coup de c\u0153ur pour les nombreuses balades \u00e0 effectuer proches du domicile et aussi pour les acc\u00e8s aux \u00e9coles, coll\u00e8ge et infrastructures sportives et culturelles.<\/p>\n\n\n\n<p>Je travaille dans le secteur de l\u2019immobilier et plus particuli\u00e8rement dans la gestion locative de logements sociaux \u00e0 Paris. Je suis membre b\u00e9n\u00e9vole au sein d\u2019une association (Jeunesse Cara\u00efbes Connect) qui accompagne les jeunes ultramarins et cara\u00efb\u00e9ens dans leur d\u00e9marche pour venir \u00e9tudier ou se former en France.<\/p>\n\n\n\n<p>Je soutiens Manuel Da Silva parce que c\u2019est quelqu\u2019un de tr\u00e8s accessible et qui est entour\u00e9 d\u2019une \u00e9quipe, Ensemble pour Thorigny, investie et engag\u00e9e pour agir dans le seul but que Thorigny s\u2019\u00e9panouisse \u00e0 sa juste valeur.<\/p>\n","protected":false},"excerpt":{"rendered":"<p>Manuela Cadel 50 ans \u2013 Gestionnaire locatif Je m\u2019appelle Manuela Cadel, j\u2019ai 50 ans, je suis mari\u00e9e et j\u2019ai deux enfants. Je vis \u00e0 Thorigny depuis Juillet 2020. Je connais cette ville depuis toujours, ayant grandi et v\u00e9cu dans des communes proches depuis ma naissance. Ma famille et moi avons choisi de nous installer \u00e0 [&hellip;]<\/p>\n","protected":false},"author":1,"featured_media":0,"parent":0,"menu_order":0,"comment_status":"closed","ping_status":"closed","template":"","meta":{"footnotes":""},"class_list":["post-404","page","type-page","status-publish","hentry"],"_links":{"self":[{"href":"https:\/\/ensemble-pour-thorigny.ovh\/index.php\/wp-json\/wp\/v2\/pages\/404","targetHints":{"allow":["GET"]}}],"collection":[{"href":"https:\/\/ensemble-pour-thorigny.ovh\/index.php\/wp-json\/wp\/v2\/pages"}],"about":[{"href":"https:\/\/ensemble-pour-thorigny.ovh\/index.php\/wp-json\/wp\/v2\/types\/page"}],"author":[{"embeddable":true,"href":"https:\/\/ensemble-pour-thorigny.ovh\/index.php\/wp-json\/wp\/v2\/users\/1"}],"replies":[{"embeddable":true,"href":"https:\/\/ensemble-pour-thorigny.ovh\/index.php\/wp-json\/wp\/v2\/comments?post=404"}],"version-history":[{"count":1,"href":"https:\/\/ensemble-pour-thorigny.ovh\/index.php\/wp-json\/wp\/v2\/pages\/404\/revisions"}],"predecessor-version":[{"id":405,"href":"https:\/\/ensemble-pour-thorigny.ovh\/index.php\/wp-json\/wp\/v2\/pages\/404\/revisions\/405"}],"wp:attachment":[{"href":"https:\/\/ensemble-pour-thorigny.ovh\/index.php\/wp-json\/wp\/v2\/media?parent=404"}],"curies":[{"name":"wp","href":"https:\/\/api.w.org\/{rel}","templated":true}]}}

<p data-wp-context---core-fit-text="core/fit-text::{&quot;fontSize&quot;:&quot;&quot;}" data-wp-init---core-fit-text="core/fit-text::callbacks.init" data-wp-interactive data-wp-style--font-size="core/fit-text::context.fontSize" class="has-fit-text">Manuela Cadel</p>



<p>50 ans – Gestionnaire locatif</p>



<p>Je m’appelle Manuela Cadel, j’ai 50 ans, je suis mariée et j’ai deux enfants. Je vis à Thorigny depuis Juillet 2020. Je connais cette ville depuis toujours, ayant grandi et vécu dans des communes proches depuis ma naissance. Ma famille et moi avons choisi de nous installer à Thorigny après un coup de cœur pour les nombreuses balades à effectuer proches du domicile et aussi pour les accès aux écoles, collège et infrastructures sportives et culturelles.</p>



<p>Je travaille dans le secteur de l’immobilier et plus particulièrement dans la gestion locative de logements sociaux à Paris. Je suis membre bénévole au sein d’une association (Jeunesse Caraïbes Connect) qui accompagne les jeunes ultramarins et caraïbéens dans leur démarche pour venir étudier ou se former en France.</p>



<p>Je soutiens Manuel Da Silva parce que c’est quelqu’un de très accessible et qui est entouré d’une équipe, Ensemble pour Thorigny, investie et engagée pour agir dans le seul but que Thorigny s’épanouisse à sa juste valeur.</p>

<p>Manuela Cadel 50 ans – Gestionnaire locatif Je m’appelle Manuela Cadel, j’ai 50 ans, je suis mariée et j’ai deux enfants. Je vis à Thorigny depuis Juillet 2020. Je connais cette ville depuis toujours, ayant grandi et vécu dans des communes proches depuis ma naissance. Ma famille et moi avons choisi de nous installer à [&hellip;]</p>
