{"id":407,"date":"2026-02-24T07:38:18","date_gmt":"2026-02-24T07:38:18","guid":{"rendered":"https:\/\/ensemble-pour-thorigny.ovh\/?page_id=407"},"modified":"2026-02-24T07:38:18","modified_gmt":"2026-02-24T07:38:18","slug":"gerard-duremort","status":"publish","type":"page","link":"https:\/\/ensemble-pour-thorigny.ovh\/index.php\/gerard-duremort\/","title":{"rendered":"G\u00e9rard DUREMORT"},"content":{"rendered":"\n<p data-wp-context---core-fit-text=\"core\/fit-text::{&quot;fontSize&quot;:&quot;&quot;}\" data-wp-init---core-fit-text=\"core\/fit-text::callbacks.init\" data-wp-interactive data-wp-style--font-size=\"core\/fit-text::context.fontSize\" class=\"has-fit-text\">G\u00e9rard DUREMORT<\/p>\n\n\n\n<p>J\u2019ai 75 ans et je vis \u00e0 Thorigny depuis toujours. J\u2019y suis n\u00e9, j\u2019y ai grandi, et j\u2019ai eu le privil\u00e8ge de voir notre commune \u00e9voluer au fil des ann\u00e9es. Cet enracinement nourrit l\u2019attachement profond que je porte \u00e0 notre ville.<\/p>\n\n\n\n<p>Au cours de ma vie professionnelle, j\u2019ai travaill\u00e9 vingt ans dans le secteur bancaire avant d\u2019exercer pendant vingt-trois ans le m\u00e9tier d\u2019artisan taxi \u00e0 Thorigny. Ces exp\u00e9riences m\u2019ont permis de tisser des liens solides avec de nombreux habitants et de mieux comprendre les r\u00e9alit\u00e9s et les besoins de notre territoire.<\/p>\n\n\n\n<p>Anim\u00e9 par la volont\u00e9 de pr\u00e9server un cadre de vie agr\u00e9able et de contribuer activement \u00e0 l\u2019avenir de notre commune, j\u2019ai choisi de rejoindre la liste \u00ab Ensemble pour Thorigny \u00bb. Mon objectif est de participer aux d\u00e9cisions qui permettront de rendre Thorigny toujours plus dynamique et attractive.<\/p>\n\n\n\n<p>Si j\u2019apporte aujourd\u2019hui mon soutien \u00e0 Manuel Da Silva, c\u2019est pour ses grandes qualit\u00e9s humaines, sa parfaite connaissance du terrain, sa proximit\u00e9 avec les Thorigniens et sa capacit\u00e9 \u00e0 rassembler une \u00e9quipe pleinement engag\u00e9e au service du d\u00e9veloppement et du rayonnement de notre ville.<\/p>\n","protected":false},"excerpt":{"rendered":"<p>G\u00e9rard DUREMORT J\u2019ai 75 ans et je vis \u00e0 Thorigny depuis toujours. J\u2019y suis n\u00e9, j\u2019y ai grandi, et j\u2019ai eu le privil\u00e8ge de voir notre commune \u00e9voluer au fil des ann\u00e9es. Cet enracinement nourrit l\u2019attachement profond que je porte \u00e0 notre ville. Au cours de ma vie professionnelle, j\u2019ai travaill\u00e9 vingt ans dans le [&hellip;]<\/p>\n","protected":false},"author":1,"featured_media":0,"parent":0,"menu_order":0,"comment_status":"closed","ping_status":"closed","template":"","meta":{"footnotes":""},"class_list":["post-407","page","type-page","status-publish","hentry"],"_links":{"self":[{"href":"https:\/\/ensemble-pour-thorigny.ovh\/index.php\/wp-json\/wp\/v2\/pages\/407","targetHints":{"allow":["GET"]}}],"collection":[{"href":"https:\/\/ensemble-pour-thorigny.ovh\/index.php\/wp-json\/wp\/v2\/pages"}],"about":[{"href":"https:\/\/ensemble-pour-thorigny.ovh\/index.php\/wp-json\/wp\/v2\/types\/page"}],"author":[{"embeddable":true,"href":"https:\/\/ensemble-pour-thorigny.ovh\/index.php\/wp-json\/wp\/v2\/users\/1"}],"replies":[{"embeddable":true,"href":"https:\/\/ensemble-pour-thorigny.ovh\/index.php\/wp-json\/wp\/v2\/comments?post=407"}],"version-history":[{"count":1,"href":"https:\/\/ensemble-pour-thorigny.ovh\/index.php\/wp-json\/wp\/v2\/pages\/407\/revisions"}],"predecessor-version":[{"id":408,"href":"https:\/\/ensemble-pour-thorigny.ovh\/index.php\/wp-json\/wp\/v2\/pages\/407\/revisions\/408"}],"wp:attachment":[{"href":"https:\/\/ensemble-pour-thorigny.ovh\/index.php\/wp-json\/wp\/v2\/media?parent=407"}],"curies":[{"name":"wp","href":"https:\/\/api.w.org\/{rel}","templated":true}]}}

Gérard DUREMORT

<p data-wp-context---core-fit-text="core/fit-text::{&quot;fontSize&quot;:&quot;&quot;}" data-wp-init---core-fit-text="core/fit-text::callbacks.init" data-wp-interactive data-wp-style--font-size="core/fit-text::context.fontSize" class="has-fit-text">Gérard DUREMORT</p>



<p>J’ai 75 ans et je vis à Thorigny depuis toujours. J’y suis né, j’y ai grandi, et j’ai eu le privilège de voir notre commune évoluer au fil des années. Cet enracinement nourrit l’attachement profond que je porte à notre ville.</p>



<p>Au cours de ma vie professionnelle, j’ai travaillé vingt ans dans le secteur bancaire avant d’exercer pendant vingt-trois ans le métier d’artisan taxi à Thorigny. Ces expériences m’ont permis de tisser des liens solides avec de nombreux habitants et de mieux comprendre les réalités et les besoins de notre territoire.</p>



<p>Animé par la volonté de préserver un cadre de vie agréable et de contribuer activement à l’avenir de notre commune, j’ai choisi de rejoindre la liste « Ensemble pour Thorigny ». Mon objectif est de participer aux décisions qui permettront de rendre Thorigny toujours plus dynamique et attractive.</p>



<p>Si j’apporte aujourd’hui mon soutien à Manuel Da Silva, c’est pour ses grandes qualités humaines, sa parfaite connaissance du terrain, sa proximité avec les Thorigniens et sa capacité à rassembler une équipe pleinement engagée au service du développement et du rayonnement de notre ville.</p>

<p>Gérard DUREMORT J’ai 75 ans et je vis à Thorigny depuis toujours. J’y suis né, j’y ai grandi, et j’ai eu le privilège de voir notre commune évoluer au fil des années. Cet enracinement nourrit l’attachement profond que je porte à notre ville. Au cours de ma vie professionnelle, j’ai travaillé vingt ans dans le [&hellip;]</p>
