{"id":410,"date":"2026-02-24T07:40:15","date_gmt":"2026-02-24T07:40:15","guid":{"rendered":"https:\/\/ensemble-pour-thorigny.ovh\/?page_id=410"},"modified":"2026-02-24T07:40:15","modified_gmt":"2026-02-24T07:40:15","slug":"pascal-orvain","status":"publish","type":"page","link":"https:\/\/ensemble-pour-thorigny.ovh\/index.php\/pascal-orvain\/","title":{"rendered":"Pascal Orvain"},"content":{"rendered":"\n<p data-wp-context---core-fit-text=\"core\/fit-text::{&quot;fontSize&quot;:&quot;&quot;}\" data-wp-init---core-fit-text=\"core\/fit-text::callbacks.init\" data-wp-interactive data-wp-style--font-size=\"core\/fit-text::context.fontSize\" class=\"has-fit-text\">Pascal Orvain <\/p>\n\n\n\n<p>63 ans &#8211; \u00ab jeune retrait\u00e9 \u00bb<\/p>\n\n\n\n<p>J\u2019habite Thorigny depuis plus de 30 ans \u2014 un choix de vie qui s\u2019est confirm\u00e9 au fil du temps, tant notre commune poss\u00e8de des atouts auxquels je suis profond\u00e9ment attach\u00e9.<\/p>\n\n\n\n<p>Thorigny, c\u2019est un peu la ville \u00e0 la campagne : des services et des commodit\u00e9s accessibles, une proximit\u00e9 rapide avec Paris, et un cadre naturel privil\u00e9gi\u00e9 travers\u00e9 par la Marne, entour\u00e9 de champs et de for\u00eats. Cet \u00e9quilibre rare offre une qualit\u00e9 de vie pr\u00e9cieuse qu\u2019il nous appartient de pr\u00e9server et de d\u00e9velopper.<\/p>\n\n\n\n<p>Durant ma carri\u00e8re au sein d\u2019un groupe de services informatiques, j\u2019ai exerc\u00e9 les fonctions de directeur des activit\u00e9s de maintenance aupr\u00e8s des clients. Cette responsabilit\u00e9 m\u2019a appris combien la force d\u2019une \u00e9quipe, unie autour d\u2019objectifs clairs, est essentielle pour r\u00e9ussir.<\/p>\n\n\n\n<p>Travailler ensemble, f\u00e9d\u00e9rer les comp\u00e9tences et avancer dans la m\u00eame direction ont toujours \u00e9t\u00e9 mes principales motivations.<\/p>\n\n\n\n<p>En soutenant Manuel Da Silva et la liste \u00ab Ensemble pour Thorigny \u00bb, je suis convaincu que nous pouvons poursuivre cette dynamique collective, avec une \u00e9quipe engag\u00e9e, attentive \u00e0 l\u2019essentiel et pleinement mobilis\u00e9e au service de notre commune et de toutes celles et ceux qui y vivent.<\/p>\n","protected":false},"excerpt":{"rendered":"<p>Pascal Orvain 63 ans &#8211; \u00ab jeune retrait\u00e9 \u00bb J\u2019habite Thorigny depuis plus de 30 ans \u2014 un choix de vie qui s\u2019est confirm\u00e9 au fil du temps, tant notre commune poss\u00e8de des atouts auxquels je suis profond\u00e9ment attach\u00e9. Thorigny, c\u2019est un peu la ville \u00e0 la campagne : des services et des commodit\u00e9s accessibles, [&hellip;]<\/p>\n","protected":false},"author":1,"featured_media":0,"parent":0,"menu_order":0,"comment_status":"closed","ping_status":"closed","template":"","meta":{"footnotes":""},"class_list":["post-410","page","type-page","status-publish","hentry"],"_links":{"self":[{"href":"https:\/\/ensemble-pour-thorigny.ovh\/index.php\/wp-json\/wp\/v2\/pages\/410","targetHints":{"allow":["GET"]}}],"collection":[{"href":"https:\/\/ensemble-pour-thorigny.ovh\/index.php\/wp-json\/wp\/v2\/pages"}],"about":[{"href":"https:\/\/ensemble-pour-thorigny.ovh\/index.php\/wp-json\/wp\/v2\/types\/page"}],"author":[{"embeddable":true,"href":"https:\/\/ensemble-pour-thorigny.ovh\/index.php\/wp-json\/wp\/v2\/users\/1"}],"replies":[{"embeddable":true,"href":"https:\/\/ensemble-pour-thorigny.ovh\/index.php\/wp-json\/wp\/v2\/comments?post=410"}],"version-history":[{"count":1,"href":"https:\/\/ensemble-pour-thorigny.ovh\/index.php\/wp-json\/wp\/v2\/pages\/410\/revisions"}],"predecessor-version":[{"id":411,"href":"https:\/\/ensemble-pour-thorigny.ovh\/index.php\/wp-json\/wp\/v2\/pages\/410\/revisions\/411"}],"wp:attachment":[{"href":"https:\/\/ensemble-pour-thorigny.ovh\/index.php\/wp-json\/wp\/v2\/media?parent=410"}],"curies":[{"name":"wp","href":"https:\/\/api.w.org\/{rel}","templated":true}]}}

<p data-wp-context---core-fit-text="core/fit-text::{&quot;fontSize&quot;:&quot;&quot;}" data-wp-init---core-fit-text="core/fit-text::callbacks.init" data-wp-interactive data-wp-style--font-size="core/fit-text::context.fontSize" class="has-fit-text">Pascal Orvain </p>



<p>63 ans &#8211; « jeune retraité »</p>



<p>J’habite Thorigny depuis plus de 30 ans — un choix de vie qui s’est confirmé au fil du temps, tant notre commune possède des atouts auxquels je suis profondément attaché.</p>



<p>Thorigny, c’est un peu la ville à la campagne : des services et des commodités accessibles, une proximité rapide avec Paris, et un cadre naturel privilégié traversé par la Marne, entouré de champs et de forêts. Cet équilibre rare offre une qualité de vie précieuse qu’il nous appartient de préserver et de développer.</p>



<p>Durant ma carrière au sein d’un groupe de services informatiques, j’ai exercé les fonctions de directeur des activités de maintenance auprès des clients. Cette responsabilité m’a appris combien la force d’une équipe, unie autour d’objectifs clairs, est essentielle pour réussir.</p>



<p>Travailler ensemble, fédérer les compétences et avancer dans la même direction ont toujours été mes principales motivations.</p>



<p>En soutenant Manuel Da Silva et la liste « Ensemble pour Thorigny », je suis convaincu que nous pouvons poursuivre cette dynamique collective, avec une équipe engagée, attentive à l’essentiel et pleinement mobilisée au service de notre commune et de toutes celles et ceux qui y vivent.</p>

<p>Pascal Orvain 63 ans &#8211; « jeune retraité » J’habite Thorigny depuis plus de 30 ans — un choix de vie qui s’est confirmé au fil du temps, tant notre commune possède des atouts auxquels je suis profondément attaché. Thorigny, c’est un peu la ville à la campagne : des services et des commodités accessibles, [&hellip;]</p>
