{"id":413,"date":"2026-02-24T07:42:26","date_gmt":"2026-02-24T07:42:26","guid":{"rendered":"https:\/\/ensemble-pour-thorigny.ovh\/?page_id=413"},"modified":"2026-02-24T07:42:26","modified_gmt":"2026-02-24T07:42:26","slug":"christian-mondion","status":"publish","type":"page","link":"https:\/\/ensemble-pour-thorigny.ovh\/index.php\/christian-mondion\/","title":{"rendered":"Christian Mondion"},"content":{"rendered":"\n<p data-wp-context---core-fit-text=\"core\/fit-text::{&quot;fontSize&quot;:&quot;&quot;}\" data-wp-init---core-fit-text=\"core\/fit-text::callbacks.init\" data-wp-interactive data-wp-style--font-size=\"core\/fit-text::context.fontSize\" class=\"has-fit-text\">Christian Mondion<\/p>\n\n\n\n<p>Je suis Christian Mondion. Je suis aujourd\u2019hui un jeune retrait\u00e9, apr\u00e8s avoir exerc\u00e9 les fonctions de directeur de production radio \u00e0 Radio France Internationale, puis au sein de France M\u00e9dias Monde. <\/p>\n\n\n\n<p>J\u2019ai 69 ans et j\u2019habite Thorigny depuis l\u2019\u00e2ge de six ans. Autant dire que j\u2019y ai mes racines. J\u2019ai vu la commune se transformer, se d\u00e9velopper, elle m\u2019a vu grandir, devenir adulte, puis fonder ma famille. Avec mon \u00e9pouse, nous y avons \u00e9lev\u00e9 nos trois enfants, qui ont tous suivi leur scolarit\u00e9 \u00e0 Thorigny. Thorigny m\u2019a beaucoup apport\u00e9. Ses \u00e9coles, ses associations, ses \u00e9quipements sportifs et culturels ont accompagn\u00e9 chaque \u00e9tape de notre vie familiale. J\u2019en ai b\u00e9n\u00e9fici\u00e9 comme habitant, comme parent, comme adh\u00e9rent\u2026 mais aussi comme b\u00e9n\u00e9vole engag\u00e9. Car ici, on ne fait pas que profiter de sa commune : on s\u2019y investit, on donne de son temps, on participe \u00e0 la faire vivre. Ces associations et ces structures sont essentielles : elles permettent \u00e0 chaque Thorignien, quelques soit leur \u00e2ge, de trouver une activit\u00e9 pour s\u2019\u00e9panouir, se distraire, se rencontrer, partage. <\/p>\n\n\n\n<p>Aujourd\u2019hui, notre commune demeure, avec quelques autres du nord Marne, une v\u00e9ritable oasis au sein d\u2019une banlieue en constante expansion. Cette singularit\u00e9 fait notre fiert\u00e9\u2026 et m\u00e9rite toute notre attention. Notre situation g\u00e9ographique est, il faut bien le reconna\u00eetre, particuli\u00e8rement enviable. Tous ces atouts suscitent l\u2019int\u00e9r\u00eat croissant des promoteurs immobiliers. Face \u00e0 cette pression, nous devons rester fermes et vigilants afin de pr\u00e9server notre cadre de vie. C\u2019est un choix clair en faveur d\u2019un d\u00e9veloppement ma\u00eetris\u00e9, respectueux de l\u2019environnement et de la qualit\u00e9 de vie des habitants. Je voudrais vous dire quelques mots sur notre \u00e9quipe. Nous venons d\u2019horizons et de sensibilit\u00e9s politiques diff\u00e9rentes, et c\u2019est justement cette diversit\u00e9 qui fait notre force.<\/p>\n\n\n\n<p>Nous venons d\u2019horizons et de sensibilit\u00e9s politiques diff\u00e9rentes, et c\u2019est justement cette diversit\u00e9 qui fait notre force. Au-del\u00e0 des \u00e9tiquettes, nous partageons quelque chose d\u2019essentiel : un attachement profond \u00e0 Thorigny. Notre seule ambition est le bien-\u00eatre des Thorigniens. Nous avan\u00e7ons avec responsabilit\u00e9, conscients des contraintes budg\u00e9taires, mais anim\u00e9s par une conviction forte : ensemble, nous pouvons faire avancer notre commune, ensemble pour Thorigny. J\u2019ai choisi de m\u2019engager sur la liste de Manuel Da Silva parce qu\u2019il incarne une vraie proximit\u00e9 avec le terrain. Il s\u2019investit pleinement dans la vie de notre commune, mais aussi au niveau intercommunal, avec une vision coh\u00e9rente et collective. C\u2019est gr\u00e2ce \u00e0 cet engagement que nous pouvons porter des projets utiles et concrets pour les habitants, comme le d\u00e9veloppement des r\u00e9seaux de chaleur et d\u2019autres \u00e9quipements essentiels pour l\u2019avenir.<\/p>\n\n\n\n<ol class=\"wp-block-list\"><\/ol>\n","protected":false},"excerpt":{"rendered":"<p>Christian Mondion Je suis Christian Mondion. Je suis aujourd\u2019hui un jeune retrait\u00e9, apr\u00e8s avoir exerc\u00e9 les fonctions de directeur de production radio \u00e0 Radio France Internationale, puis au sein de France M\u00e9dias Monde. J\u2019ai 69 ans et j\u2019habite Thorigny depuis l\u2019\u00e2ge de six ans. Autant dire que j\u2019y ai mes racines. J\u2019ai vu la commune [&hellip;]<\/p>\n","protected":false},"author":1,"featured_media":0,"parent":0,"menu_order":0,"comment_status":"closed","ping_status":"closed","template":"","meta":{"footnotes":""},"class_list":["post-413","page","type-page","status-publish","hentry"],"_links":{"self":[{"href":"https:\/\/ensemble-pour-thorigny.ovh\/index.php\/wp-json\/wp\/v2\/pages\/413","targetHints":{"allow":["GET"]}}],"collection":[{"href":"https:\/\/ensemble-pour-thorigny.ovh\/index.php\/wp-json\/wp\/v2\/pages"}],"about":[{"href":"https:\/\/ensemble-pour-thorigny.ovh\/index.php\/wp-json\/wp\/v2\/types\/page"}],"author":[{"embeddable":true,"href":"https:\/\/ensemble-pour-thorigny.ovh\/index.php\/wp-json\/wp\/v2\/users\/1"}],"replies":[{"embeddable":true,"href":"https:\/\/ensemble-pour-thorigny.ovh\/index.php\/wp-json\/wp\/v2\/comments?post=413"}],"version-history":[{"count":1,"href":"https:\/\/ensemble-pour-thorigny.ovh\/index.php\/wp-json\/wp\/v2\/pages\/413\/revisions"}],"predecessor-version":[{"id":414,"href":"https:\/\/ensemble-pour-thorigny.ovh\/index.php\/wp-json\/wp\/v2\/pages\/413\/revisions\/414"}],"wp:attachment":[{"href":"https:\/\/ensemble-pour-thorigny.ovh\/index.php\/wp-json\/wp\/v2\/media?parent=413"}],"curies":[{"name":"wp","href":"https:\/\/api.w.org\/{rel}","templated":true}]}}