{"id":416,"date":"2026-02-24T07:44:04","date_gmt":"2026-02-24T07:44:04","guid":{"rendered":"https:\/\/ensemble-pour-thorigny.ovh\/?page_id=416"},"modified":"2026-02-24T07:44:04","modified_gmt":"2026-02-24T07:44:04","slug":"nathalie-flamen","status":"publish","type":"page","link":"https:\/\/ensemble-pour-thorigny.ovh\/index.php\/nathalie-flamen\/","title":{"rendered":"Nathalie Flamen"},"content":{"rendered":"\n<p data-wp-context---core-fit-text=\"core\/fit-text::{&quot;fontSize&quot;:&quot;&quot;}\" data-wp-init---core-fit-text=\"core\/fit-text::callbacks.init\" data-wp-interactive data-wp-style--font-size=\"core\/fit-text::context.fontSize\" class=\"has-fit-text\">Nathalie Flamen<\/p>\n\n\n\n<p>Je m\u2019appelle Nathalie Flamen. J\u2019ai 61 ans et suis maman de deux gar\u00e7ons. Nous habitons Thorigny depuis 14 ans ; Pourquoi cette ville ? Nous aimons Thorigny pour sa douceur de vivre, son calme, les longues promenades que nous faisons sur la Dhuis. <\/p>\n\n\n\n<p>Gr\u00e2ce au train, nous pouvons aussi profiter de Paris. Je suis retrait\u00e9e de l\u2019\u00c9ducation nationale. Durant mes 42 ann\u00e9es d\u2019activit\u00e9 en tant que secr\u00e9taire, j\u2019ai occup\u00e9 plusieurs postes au sein de deux rectorats et de l\u2019Universit\u00e9 Gustave Eiffel. J\u2019ai g\u00e9r\u00e9 la carri\u00e8re des fonctionnaires, les march\u00e9s publics, la sectorisation des \u00e9l\u00e8ves. Mes solides comp\u00e9tences, aussi bien administratives que financi\u00e8res, pourront \u00eatre mises au profit de la commune. <\/p>\n\n\n\n<p>Soutenir Manuel Da Silva, c\u2019est soutenir un candidat engag\u00e9 pour notre ville. Il m\u2019a convaincue par son \u00e9nergie, sa sinc\u00e9rit\u00e9 et sa qualit\u00e9 d\u2019\u00e9coute aupr\u00e8s de la population. Si je m\u2019engage \u00e0 ses c\u00f4t\u00e9s, c\u2019est qu\u2019il a su rassembler des personnes d\u2019opinions diff\u00e9rentes. C\u2019est aussi pouvoir accompagner les habitants pour leur apporter une qualit\u00e9 de vie \u00e0 la hauteur de leurs attentes. Thorigny est une ville tourn\u00e9e vers l\u2019avenir et doit le rester.<\/p>\n","protected":false},"excerpt":{"rendered":"<p>Nathalie Flamen Je m\u2019appelle Nathalie Flamen. J\u2019ai 61 ans et suis maman de deux gar\u00e7ons. Nous habitons Thorigny depuis 14 ans ; Pourquoi cette ville ? Nous aimons Thorigny pour sa douceur de vivre, son calme, les longues promenades que nous faisons sur la Dhuis. Gr\u00e2ce au train, nous pouvons aussi profiter de Paris. Je [&hellip;]<\/p>\n","protected":false},"author":1,"featured_media":0,"parent":0,"menu_order":0,"comment_status":"closed","ping_status":"closed","template":"","meta":{"footnotes":""},"class_list":["post-416","page","type-page","status-publish","hentry"],"_links":{"self":[{"href":"https:\/\/ensemble-pour-thorigny.ovh\/index.php\/wp-json\/wp\/v2\/pages\/416","targetHints":{"allow":["GET"]}}],"collection":[{"href":"https:\/\/ensemble-pour-thorigny.ovh\/index.php\/wp-json\/wp\/v2\/pages"}],"about":[{"href":"https:\/\/ensemble-pour-thorigny.ovh\/index.php\/wp-json\/wp\/v2\/types\/page"}],"author":[{"embeddable":true,"href":"https:\/\/ensemble-pour-thorigny.ovh\/index.php\/wp-json\/wp\/v2\/users\/1"}],"replies":[{"embeddable":true,"href":"https:\/\/ensemble-pour-thorigny.ovh\/index.php\/wp-json\/wp\/v2\/comments?post=416"}],"version-history":[{"count":1,"href":"https:\/\/ensemble-pour-thorigny.ovh\/index.php\/wp-json\/wp\/v2\/pages\/416\/revisions"}],"predecessor-version":[{"id":417,"href":"https:\/\/ensemble-pour-thorigny.ovh\/index.php\/wp-json\/wp\/v2\/pages\/416\/revisions\/417"}],"wp:attachment":[{"href":"https:\/\/ensemble-pour-thorigny.ovh\/index.php\/wp-json\/wp\/v2\/media?parent=416"}],"curies":[{"name":"wp","href":"https:\/\/api.w.org\/{rel}","templated":true}]}}

<p data-wp-context---core-fit-text="core/fit-text::{&quot;fontSize&quot;:&quot;&quot;}" data-wp-init---core-fit-text="core/fit-text::callbacks.init" data-wp-interactive data-wp-style--font-size="core/fit-text::context.fontSize" class="has-fit-text">Nathalie Flamen</p>



<p>Je m’appelle Nathalie Flamen. J’ai 61 ans et suis maman de deux garçons. Nous habitons Thorigny depuis 14 ans ; Pourquoi cette ville ? Nous aimons Thorigny pour sa douceur de vivre, son calme, les longues promenades que nous faisons sur la Dhuis. </p>



<p>Grâce au train, nous pouvons aussi profiter de Paris. Je suis retraitée de l’Éducation nationale. Durant mes 42 années d’activité en tant que secrétaire, j’ai occupé plusieurs postes au sein de deux rectorats et de l’Université Gustave Eiffel. J’ai géré la carrière des fonctionnaires, les marchés publics, la sectorisation des élèves. Mes solides compétences, aussi bien administratives que financières, pourront être mises au profit de la commune. </p>



<p>Soutenir Manuel Da Silva, c’est soutenir un candidat engagé pour notre ville. Il m’a convaincue par son énergie, sa sincérité et sa qualité d’écoute auprès de la population. Si je m’engage à ses côtés, c’est qu’il a su rassembler des personnes d’opinions différentes. C’est aussi pouvoir accompagner les habitants pour leur apporter une qualité de vie à la hauteur de leurs attentes. Thorigny est une ville tournée vers l’avenir et doit le rester.</p>

<p>Nathalie Flamen Je m’appelle Nathalie Flamen. J’ai 61 ans et suis maman de deux garçons. Nous habitons Thorigny depuis 14 ans ; Pourquoi cette ville ? Nous aimons Thorigny pour sa douceur de vivre, son calme, les longues promenades que nous faisons sur la Dhuis. Grâce au train, nous pouvons aussi profiter de Paris. Je [&hellip;]</p>
